{"id":9596,"date":"2021-11-12T13:52:03","date_gmt":"2021-11-12T10:52:03","guid":{"rendered":"https:\/\/staging.aura-istanbul.com\/?page_id=9596"},"modified":"2021-12-03T18:16:48","modified_gmt":"2021-12-03T15:16:48","slug":"aura-sempozyum","status":"publish","type":"page","link":"https:\/\/staging.aura-istanbul.com\/index.php\/aura-sempozyum\/","title":{"rendered":"AURA Sempozyum"},"content":{"rendered":"<div class=\"wpb-content-wrapper\"><p>[vc_row 0=&#8221;&#8221;][vc_column 0=&#8221;&#8221;][vc_column_text]<\/p>\n<h4 style=\"text-align: center;\">\u00dcretken Mekanlar i\u00e7in: End\u00fcstri | Mekansal Planlama | Tasar\u0131m<\/h4>\n<p>[\/vc_column_text][vc_empty_space][vc_single_image image=&#8221;9602&#8243; img_size=&#8221;full&#8221;][vc_empty_space][vc_row_inner][vc_column_inner][vc_column_text]<strong>Uluslararas\u0131 Sempozyum<\/strong><br \/>\n<strong>\u201c\u00dcretken Mekanlar i\u00e7in: End\u00fcstri | Mekansal Planlama | Tasar\u0131m\u201d<\/strong><\/p>\n<p>&nbsp;<\/p>\n<p>AURA Sempozyum; MIT ve Tel Aviv \u00dcniversitesi i\u015fbirli\u011fi ile olu\u015fturulmu\u015f \u201cEnd\u00fcstri \u015eehircili\u011fi\u201d grubuna referansla ortaya \u00e7\u0131km\u0131\u015f olan, ODT\u00dc Kentsel Tasar\u0131m ve Mimari Tasar\u0131m Y\u00fcksek Lisans Programlar\u0131 ile Politika Analiz Laboratuvar\u0131 (PAL) i\u015fbirli\u011finde \u00e7ok disiplinli bir platform olarak tasarlanan \u201cEnd\u00fcstri \u015eehircili\u011fi_T\u00fcrkiye\u201d platformunun katk\u0131lar\u0131 ile d\u00fczenlendi. Sempozyumda, mimarl\u0131k, planlama ve iktisat alanlar\u0131ndan akademisyen, ara\u015ft\u0131rmac\u0131 ve strateji uzmanlar\u0131 konu\u015fmac\u0131 olarak yer ald\u0131.[\/vc_column_text][\/vc_column_inner][\/vc_row_inner][vc_empty_space][vc_row_inner][vc_column_inner width=&#8221;1\/3&#8243;][\/vc_column_inner][vc_column_inner width=&#8221;1\/3&#8243;][vc_btn title=&#8221;SEMPOZYUMDAK\u0130 KONU\u015eMALAR \u0130\u00c7\u0130N TIKLAYIN&#8221; color=&#8221;orange&#8221; align=&#8221;center&#8221; button_block=&#8221;true&#8221; link=&#8221;url:https%3A%2F%2Fwww.youtube.com%2Fplaylist%3Flist%3DPL2BKzkLHqq-edEhBFzgD_nx-NhV7ZNw8F||target:%20_blank|&#8221;][\/vc_column_inner][vc_column_inner width=&#8221;1\/3&#8243;][\/vc_column_inner][\/vc_row_inner][vc_empty_space][vc_text_separator title=&#8221;Program&#8221; border_width=&#8221;4&#8243;][vc_empty_space][vc_row_inner][vc_column_inner width=&#8221;1\/3&#8243;][vc_single_image image=&#8221;9589&#8243; img_size=&#8221;full&#8221;][\/vc_column_inner][vc_column_inner width=&#8221;1\/3&#8243;][vc_single_image image=&#8221;9590&#8243; img_size=&#8221;full&#8221;][\/vc_column_inner][vc_column_inner width=&#8221;1\/3&#8243;][vc_single_image image=&#8221;9600&#8243; img_size=&#8221;full&#8221;][\/vc_column_inner][\/vc_row_inner][vc_empty_space][vc_row_inner][vc_column_inner width=&#8221;1\/3&#8243;][vc_column_text]<strong>13.15-13.30<\/strong><br \/>\n<strong>A\u00e7\u0131l\u0131\u015f Konu\u015fmalar\u0131<\/strong><br \/>\nSinan \u0130zgi (AURA \u0130stanbul)<br \/>\nEsen \u00c7a\u011flar (PAL)<br \/>\nOlgu \u00c7al\u0131\u015fkan (ODT\u00dc)<\/p>\n<p><strong>13.30-14.15<\/strong><br \/>\n<strong>Davetli Konu\u015fma<\/strong><br \/>\nKent-End\u00fcstri Ba\u011flant\u0131s\u0131: De\u011fi\u015fen Dinamikler ve Gelecek Zorluklar<br \/>\nAyda Erayd\u0131n (ODT\u00dc)<\/p>\n<p><strong>14.15-15.45\u00a0<\/strong><br \/>\n<strong>Oturum 01:\u00a0<\/strong><strong>END\u00dcSTR\u0130YEL \u015eEH\u0130RC\u0130L\u0130\u011eE DO\u011eRU<\/strong><br \/>\n\u2022 Yeni End\u00fcstriyel \u015eehircilik: \u00dcretim i\u00e7in Mekanlar\u0131 Tasarlamak<br \/>\nTali Hatuka (Tel Aviv University)<br \/>\n\u2022 \u00dcretim Arac\u0131 olarak Mimari Praksis: Ele\u015ftirel Bir Bak\u0131\u015f A\u00e7\u0131s\u0131<br \/>\nG\u00fcven Arif Sarg\u0131n (ODT\u00dc)<\/p>\n<p><strong>15.45-16.00\u00a0<\/strong><strong>Ara<\/strong><\/p>\n<p><strong>\u00a0<\/strong>[\/vc_column_text][\/vc_column_inner][vc_column_inner width=&#8221;1\/3&#8243;][vc_column_text]<strong>16.00-17.15<br \/>\nOturum 02:\u00a0PLANLAMA VE TASARIM: \u00c7OKLU \u00d6L\u00c7EKL\u0130 BAKI\u015e A\u00c7ISI<br \/>\n<\/strong>\u2022 End\u00fcstriyel D\u00f6n\u00fc\u015f\u00fcm ve Yeni Planlama Politikalar\u0131<br \/>\nAy\u015fe Nur Albayrak (\u00c7anakkale Onsekiz Mart University)<br \/>\n\u2022 \u00dcretimin Mimarisi: \u0130malathanelerden Makine Peyzaj\u0131na<br \/>\n\u0130layda G\u00fcler, Esin K\u00f6mez (ODT\u00dc)<\/p>\n<p><strong><br \/>\n17.15-18.00\u00a0<\/strong><br \/>\n<strong>Davetli Konu\u015fma<\/strong><br \/>\n\u00dcretken Mekanlar \u0130\u00e7in Ge\u00e7mi\u015ften Gelece\u011fe \u0130mgelemler<br \/>\nNina Rappaport (Direkt\u00f6r, Vertical Urban Factory | Kean University)<\/p>\n<p><strong>18.00-18.15 <\/strong><strong>\u00a0Ara<br \/>\n<\/strong>[\/vc_column_text][\/vc_column_inner][vc_column_inner width=&#8221;1\/3&#8243;][vc_column_text]<strong>18.15-20.00\u00a0<\/strong><br \/>\n<strong>Oturum 03:\u00a0<\/strong><strong>END\u00dcSTR\u0130YEL \u015eEH\u0130RC\u0130L\u0130\u011eE Y\u00d6NEL\u0130K TASARIM<\/strong><br \/>\n\u2022 Pearl River Delta B\u00f6lgesinde Gelece\u011fin Fabrikalar\u0131n\u0131 Tasarlamak: Posthuman Landscapes Studio \/ MLA \/ HKU G\u00fcz 2018 &#8211; 2020<br \/>\nMerve Bedir (Hong Kong University)<br \/>\n\u2022 Long Island City\u2019deki End\u00fcstriyel B\u00f6lgelerin Yeniden \u0130n\u015fas\u0131: DUSP\/MIT Bahar 2018 st\u00fcdyo deneyimi<br \/>\nMarie Law Adams (MIT)<br \/>\n\u2022 Yeni Nesil End\u00fcstri B\u00f6lgelerini Tasarlamak:<br \/>\nG\u00fcz 2019 \u2018End\u00fcstriyel \u015eehircilik St\u00fcdyosu\u2019 ODT\u00dc, T\u00fcrkiye<br \/>\nOlgu \u00c7al\u0131\u015fkan (ODT\u00dc), Esen \u00c7a\u011flar (PAL)[\/vc_column_text][\/vc_column_inner][\/vc_row_inner][vc_empty_space][vc_row_inner][vc_column_inner width=&#8221;1\/3&#8243;][\/vc_column_inner][vc_column_inner width=&#8221;1\/3&#8243;][vc_btn title=&#8221;PROGRAMI \u0130ND\u0130RMEK \u0130\u00c7\u0130N TIKLAYIN&#8221; color=&#8221;orange&#8221; align=&#8221;center&#8221; button_block=&#8221;true&#8221; link=&#8221;url:https%3A%2F%2Fstaging.aura-istanbul.com%2Fwp-content%2Fuploads%2F2021%2F11%2FAURA-Symposium-Program.pdf||target:%20_blank|&#8221;][\/vc_column_inner][vc_column_inner width=&#8221;1\/3&#8243;][\/vc_column_inner][\/vc_row_inner][vc_empty_space][vc_text_separator title=&#8221;Yay\u0131n Linki&#8221; border_width=&#8221;4&#8243;][vc_empty_space][vc_row_inner][vc_column_inner width=&#8221;1\/4&#8243;][vc_video link=&#8221;https:\/\/www.youtube.com\/watch?v=VFqn93y80Hc&amp;list=PL2BKzkLHqq-edEhBFzgD_nx-NhV7ZNw8F&amp;index=9&#8243;][\/vc_column_inner][vc_column_inner width=&#8221;1\/4&#8243;][vc_video link=&#8221;https:\/\/www.youtube.com\/watch?v=t9LCGC7lrzE&amp;list=PL2BKzkLHqq-edEhBFzgD_nx-NhV7ZNw8F&amp;index=10&#8243;][\/vc_column_inner][vc_column_inner width=&#8221;1\/4&#8243;][vc_video link=&#8221;https:\/\/www.youtube.com\/watch?v=5txarbPH1J4&amp;list=PL2BKzkLHqq-edEhBFzgD_nx-NhV7ZNw8F&amp;index=11&#8243;][\/vc_column_inner][vc_column_inner width=&#8221;1\/4&#8243;][vc_video link=&#8221;https:\/\/www.youtube.com\/watch?v=5mjHDdcua5c&amp;list=PL2BKzkLHqq-edEhBFzgD_nx-NhV7ZNw8F&amp;index=12&#8243;][\/vc_column_inner][\/vc_row_inner][vc_empty_space][vc_row_inner][vc_column_inner width=&#8221;1\/4&#8243;][vc_video link=&#8221;https:\/\/www.youtube.com\/watch?v=eZIocsMy62s&amp;list=PL2BKzkLHqq-edEhBFzgD_nx-NhV7ZNw8F&amp;index=13&#8243;][\/vc_column_inner][vc_column_inner width=&#8221;1\/4&#8243;][vc_video link=&#8221;https:\/\/www.youtube.com\/watch?v=q1FVBo_Ckcg&amp;list=PL2BKzkLHqq-edEhBFzgD_nx-NhV7ZNw8F&amp;index=14&#8243;][\/vc_column_inner][vc_column_inner width=&#8221;1\/4&#8243;][vc_video link=&#8221;https:\/\/www.youtube.com\/watch?v=xwk6xg0G4Vw&amp;list=PL2BKzkLHqq-edEhBFzgD_nx-NhV7ZNw8F&amp;index=15&#8243;][\/vc_column_inner][vc_column_inner width=&#8221;1\/4&#8243;][vc_video link=&#8221;https:\/\/www.youtube.com\/watch?v=aFI4O5yRxuo&amp;list=PL2BKzkLHqq-edEhBFzgD_nx-NhV7ZNw8F&amp;index=16&#8243;][\/vc_column_inner][\/vc_row_inner][\/vc_column][\/vc_row][vc_section][\/vc_section]<\/p>\n<\/div>","protected":false},"excerpt":{"rendered":"<p>[vc_row 0=&#8221;&#8221;][vc_column 0=&#8221;&#8221;][vc_column_text] \u00dcretken Mekanlar i\u00e7in: End\u00fcstri | Mekansal Planlama | Tasar\u0131m [\/vc_column_text][vc_empty_space][vc_single_image image=&#8221;9602&#8243; img_size=&#8221;full&#8221;][vc_empty_space][vc_row_inner][vc_column_inner][vc_column_text]Uluslararas\u0131 Sempozyum \u201c\u00dcretken Mekanlar i\u00e7in: End\u00fcstri | Mekansal Planlama | Tasar\u0131m\u201d &nbsp; AURA Sempozyum; MIT ve [&hellip;]<\/p>\n","protected":false},"author":7,"featured_media":2220,"parent":0,"menu_order":0,"comment_status":"closed","ping_status":"closed","template":"","meta":{"_acf_changed":false,"_seopress_robots_primary_cat":"","_seopress_titles_title":"AURA Sempozyum | %%sitetitle%%","_seopress_titles_desc":"\u201c\u00dcretken Mekanlar i\u00e7in: End\u00fcstri | Mekansal Planlama | Tasar\u0131m\u201d ba\u015fl\u0131kl\u0131 AURA Sempozyum, 20 Kas\u0131m 2021, Cumartesi g\u00fcn\u00fc ger\u00e7ekle\u015fecek.","_seopress_robots_index":"","_price":"","_stock":"","_tribe_ticket_header":"","_tribe_default_ticket_provider":"","_ticket_start_date":"","_ticket_end_date":"","_tribe_ticket_show_description":"","_tribe_ticket_show_not_going":false,"_tribe_ticket_use_global_stock":"","_tribe_ticket_global_stock_level":"","_global_stock_mode":"","_global_stock_cap":"","_tribe_rsvp_for_event":"","_tribe_ticket_going_count":"","_tribe_ticket_not_going_count":"","_tribe_tickets_list":"[]","_tribe_ticket_has_attendee_info_fields":false,"_EventAllDay":false,"_EventTimezone":"","_EventStartDate":"","_EventEndDate":"","_EventStartDateUTC":"","_EventEndDateUTC":"","_EventShowMap":false,"_EventShowMapLink":false,"_EventURL":"","_EventCost":"","_EventCostDescription":"","_EventCurrencySymbol":"","_EventCurrencyCode":"","_EventCurrencyPosition":"","_EventDateTimeSeparator":"","_EventTimeRangeSeparator":"","_EventOrganizerID":[],"_EventVenueID":[],"_OrganizerEmail":"","_OrganizerPhone":"","_OrganizerWebsite":"","_VenueAddress":"","_VenueCity":"","_VenueCountry":"","_VenueProvince":"","_VenueState":"","_VenueZip":"","_VenuePhone":"","_VenueURL":"","_VenueStateProvince":"","_VenueLat":"","_VenueLng":"","_VenueShowMap":false,"_VenueShowMapLink":false,"footnotes":"","_tec_slr_enabled":"","_tec_slr_layout":""},"class_list":["post-9596","page","type-page","status-publish","has-post-thumbnail","hentry"],"acf":[],"ticketed":false,"_links":{"self":[{"href":"https:\/\/staging.aura-istanbul.com\/index.php\/wp-json\/wp\/v2\/pages\/9596","targetHints":{"allow":["GET"]}}],"collection":[{"href":"https:\/\/staging.aura-istanbul.com\/index.php\/wp-json\/wp\/v2\/pages"}],"about":[{"href":"https:\/\/staging.aura-istanbul.com\/index.php\/wp-json\/wp\/v2\/types\/page"}],"author":[{"embeddable":true,"href":"https:\/\/staging.aura-istanbul.com\/index.php\/wp-json\/wp\/v2\/users\/7"}],"replies":[{"embeddable":true,"href":"https:\/\/staging.aura-istanbul.com\/index.php\/wp-json\/wp\/v2\/comments?post=9596"}],"version-history":[{"count":14,"href":"https:\/\/staging.aura-istanbul.com\/index.php\/wp-json\/wp\/v2\/pages\/9596\/revisions"}],"predecessor-version":[{"id":9664,"href":"https:\/\/staging.aura-istanbul.com\/index.php\/wp-json\/wp\/v2\/pages\/9596\/revisions\/9664"}],"wp:featuredmedia":[{"embeddable":true,"href":"https:\/\/staging.aura-istanbul.com\/index.php\/wp-json\/wp\/v2\/media\/2220"}],"wp:attachment":[{"href":"https:\/\/staging.aura-istanbul.com\/index.php\/wp-json\/wp\/v2\/media?parent=9596"}],"curies":[{"name":"wp","href":"https:\/\/api.w.org\/{rel}","templated":true}]}}