{"id":8743,"date":"2021-02-26T13:02:22","date_gmt":"2021-02-26T10:02:22","guid":{"rendered":"https:\/\/staging.aura-istanbul.com\/?page_id=8743"},"modified":"2021-02-26T13:02:22","modified_gmt":"2021-02-26T10:02:22","slug":"aura-alumni-zelal-gezici","status":"publish","type":"page","link":"https:\/\/staging.aura-istanbul.com\/index.php\/aura-alumni-zelal-gezici\/","title":{"rendered":"AURA Alumni: Zelal Gezici"},"content":{"rendered":"<div class=\"wpb-content-wrapper\"><p>[vc_section][vc_row][vc_column width=&#8221;1\/6&#8243;][vc_single_image image=&#8221;8597&#8243; img_size=&#8221;large&#8221; alignment=&#8221;center&#8221;][vc_empty_space][vc_column_text]<strong>Zelal Gezici<\/strong>[\/vc_column_text][vc_empty_space height=&#8221;16px&#8221;][vc_column_text]Mimar<br \/>\nMardin Artuklu \u00dcniversitesi<\/p>\n<p>G\u00fcz 2020<br \/>\nDan\u0131\u015fman: B\u00fc\u015fra Al &#8211; Sinan Logie[\/vc_column_text][vc_empty_space][vc_row_inner][vc_column_inner width=&#8221;1\/4&#8243;][vc_icon icon_fontawesome=&#8221;fa fa-envelope-o&#8221; color=&#8221;chino&#8221; size=&#8221;xs&#8221; link=&#8221;url:mailto%3Azelal.gezici%40gmail.com||target:%20_blank|&#8221;][\/vc_column_inner][vc_column_inner width=&#8221;1\/4&#8243;][\/vc_column_inner][vc_column_inner width=&#8221;1\/4&#8243;][\/vc_column_inner][\/vc_row_inner][\/vc_column][vc_column width=&#8221;2\/3&#8243;][vc_column_text]<strong>S\u0131n\u0131r Siyasetinin Planlamaya Etkileri- S\u0131n\u0131rlar\u0131n Yeniden \u00dcretilmesi<\/strong>[\/vc_column_text][vc_column_text]Bu ara\u015ft\u0131rma \u00e7al\u0131\u015fmas\u0131nda, ya\u015fam alanlar\u0131na yap\u0131lan y\u00f6netim m\u00fcdahalelerini, m\u00fcdahaleler s\u0131ras\u0131nda ve sonras\u0131nda ya\u015fanan olaylar\u0131, m\u00fcdahale sonras\u0131 olu\u015fan yeni kentleri ve ya\u015fam formlar\u0131n\u0131 irdelemek ve olas\u0131 bir gelecek senaryosu nas\u0131l olur sorusuna cevap vermek hedeflenmi\u015ftir.<\/p>\n<p>Ara\u015ft\u0131rma <em>s\u0131n\u0131r<\/em> kavram\u0131 ile ilgili merak edilen sorular\u0131 sorarak ba\u015flam\u0131\u015ft\u0131r. Politik s\u0131n\u0131r\u0131 daha yak\u0131ndan inceleyebilmek i\u00e7in; Resulayn-Ceylanp\u0131nar, Kam\u0131\u015flo-Nusaybin il\u00e7eleri aras\u0131ndaki ili\u015fkiyi ve kentsel yap\u0131lanmalar\u0131na yak\u0131ndan bak\u0131lmaya \u00e7al\u0131\u015f\u0131lm\u0131\u015ft\u0131r. S\u0131n\u0131r kentlerinin ya\u015fant\u0131s\u0131n\u0131 daha iyi anlayabilmek i\u00e7in; s\u0131n\u0131r b\u00f6lgelerinde ve y\u0131k\u0131m d\u00f6nemlerini konu alan film, kitap ve m\u00fcziklerin deneyimlenmesi \u015feklinde s\u00fcre\u00e7 ilerlemeye devam etmi\u015ftir. Deneyim s\u00fcrecindeki veriler ve deneyimlenen \u00fcr\u00fcnleri bir araya getirebilmek i\u00e7in ar\u015fivleme y\u00f6ntemi tercih edilmi\u015ftir.<\/p>\n<p>Anahtar Kelimeler: S\u0131n\u0131r, M\u00fcdahale, Kontrol, Eri\u015filebilir, Homojen, Hiyerar\u015fi, Mesafe, Yapay, K\u00f6\u015fesiz, Y\u0131k\u0131m[\/vc_column_text][vc_empty_space][vc_gallery interval=&#8221;10&#8243; images=&#8221;8747,8748,8745,8746,8744&#8243; img_size=&#8221;full&#8221;][\/vc_column][vc_column width=&#8221;1\/6&#8243;][vc_single_image image=&#8221;8749&#8243; img_size=&#8221;full&#8221; alignment=&#8221;center&#8221; style=&#8221;vc_box_border&#8221; onclick=&#8221;custom_link&#8221; img_link_target=&#8221;_blank&#8221;][vc_empty_space height=&#8221;16px&#8221;][vc_row_inner][vc_column_inner][vc_column_text][\/vc_column_text][\/vc_column_inner][\/vc_row_inner][vc_row_inner][vc_column_inner width=&#8221;2\/3&#8243;][\/vc_column_inner][vc_column_inner width=&#8221;1\/3&#8243;][\/vc_column_inner][\/vc_row_inner][\/vc_column][\/vc_row][\/vc_section]<\/p>\n<\/div>","protected":false},"excerpt":{"rendered":"<p>[vc_section][vc_row][vc_column width=&#8221;1\/6&#8243;][vc_single_image image=&#8221;8597&#8243; img_size=&#8221;large&#8221; alignment=&#8221;center&#8221;][vc_empty_space][vc_column_text]Zelal Gezici[\/vc_column_text][vc_empty_space height=&#8221;16px&#8221;][vc_column_text]Mimar Mardin Artuklu \u00dcniversitesi G\u00fcz 2020 Dan\u0131\u015fman: B\u00fc\u015fra Al &#8211; Sinan Logie[\/vc_column_text][vc_empty_space][vc_row_inner][vc_column_inner width=&#8221;1\/4&#8243;][vc_icon icon_fontawesome=&#8221;fa fa-envelope-o&#8221; color=&#8221;chino&#8221; size=&#8221;xs&#8221; link=&#8221;url:mailto%3Azelal.gezici%40gmail.com||target:%20_blank|&#8221;][\/vc_column_inner][vc_column_inner width=&#8221;1\/4&#8243;][\/vc_column_inner][vc_column_inner width=&#8221;1\/4&#8243;][\/vc_column_inner][\/vc_row_inner][\/vc_column][vc_column width=&#8221;2\/3&#8243;][vc_column_text]S\u0131n\u0131r Siyasetinin Planlamaya Etkileri- [&hellip;]<\/p>\n","protected":false},"author":7,"featured_media":0,"parent":0,"menu_order":0,"comment_status":"closed","ping_status":"closed","template":"","meta":{"_acf_changed":false,"_seopress_robots_primary_cat":"","_seopress_titles_title":"Zelal Gezici: S\u0131n\u0131r Siyasetinin Planlamaya Etkileri- S\u0131n\u0131rlar\u0131n Yeniden \u00dcretilmesi | %%sitetitle%%","_seopress_titles_desc":"Bu ara\u015ft\u0131rma \u00e7al\u0131\u015fmas\u0131nda, ya\u015fam alanlar\u0131na yap\u0131lan y\u00f6netim m\u00fcdahalelerini, m\u00fcdahaleler s\u0131ras\u0131nda ve sonras\u0131nda ya\u015fanan olaylar\u0131, m\u00fcdahale sonras\u0131 olu\u015fan yeni kentleri ve ya\u015fam formlar\u0131n\u0131 irdelemek ve olas\u0131 bir gelecek senaryosu nas\u0131l olur sorusuna cevap vermek hedeflenmi\u015ftir.","_seopress_robots_index":"","_price":"","_stock":"","_tribe_ticket_header":"","_tribe_default_ticket_provider":"","_ticket_start_date":"","_ticket_end_date":"","_tribe_ticket_show_description":"","_tribe_ticket_show_not_going":false,"_tribe_ticket_use_global_stock":"","_tribe_ticket_global_stock_level":"","_global_stock_mode":"","_global_stock_cap":"","_tribe_rsvp_for_event":"","_tribe_ticket_going_count":"","_tribe_ticket_not_going_count":"","_tribe_tickets_list":"[]","_tribe_ticket_has_attendee_info_fields":false,"_EventAllDay":false,"_EventTimezone":"","_EventStartDate":"","_EventEndDate":"","_EventStartDateUTC":"","_EventEndDateUTC":"","_EventShowMap":false,"_EventShowMapLink":false,"_EventURL":"","_EventCost":"","_EventCostDescription":"","_EventCurrencySymbol":"","_EventCurrencyCode":"","_EventCurrencyPosition":"","_EventDateTimeSeparator":"","_EventTimeRangeSeparator":"","_EventOrganizerID":[],"_EventVenueID":[],"_OrganizerEmail":"","_OrganizerPhone":"","_OrganizerWebsite":"","_VenueAddress":"","_VenueCity":"","_VenueCountry":"","_VenueProvince":"","_VenueState":"","_VenueZip":"","_VenuePhone":"","_VenueURL":"","_VenueStateProvince":"","_VenueLat":"","_VenueLng":"","_VenueShowMap":false,"_VenueShowMapLink":false,"footnotes":"","_tec_slr_enabled":"","_tec_slr_layout":""},"class_list":["post-8743","page","type-page","status-publish","hentry"],"acf":[],"ticketed":false,"_links":{"self":[{"href":"https:\/\/staging.aura-istanbul.com\/index.php\/wp-json\/wp\/v2\/pages\/8743","targetHints":{"allow":["GET"]}}],"collection":[{"href":"https:\/\/staging.aura-istanbul.com\/index.php\/wp-json\/wp\/v2\/pages"}],"about":[{"href":"https:\/\/staging.aura-istanbul.com\/index.php\/wp-json\/wp\/v2\/types\/page"}],"author":[{"embeddable":true,"href":"https:\/\/staging.aura-istanbul.com\/index.php\/wp-json\/wp\/v2\/users\/7"}],"replies":[{"embeddable":true,"href":"https:\/\/staging.aura-istanbul.com\/index.php\/wp-json\/wp\/v2\/comments?post=8743"}],"version-history":[{"count":1,"href":"https:\/\/staging.aura-istanbul.com\/index.php\/wp-json\/wp\/v2\/pages\/8743\/revisions"}],"predecessor-version":[{"id":8750,"href":"https:\/\/staging.aura-istanbul.com\/index.php\/wp-json\/wp\/v2\/pages\/8743\/revisions\/8750"}],"wp:attachment":[{"href":"https:\/\/staging.aura-istanbul.com\/index.php\/wp-json\/wp\/v2\/media?parent=8743"}],"curies":[{"name":"wp","href":"https:\/\/api.w.org\/{rel}","templated":true}]}}