{"id":8733,"date":"2021-02-26T12:49:34","date_gmt":"2021-02-26T09:49:34","guid":{"rendered":"https:\/\/staging.aura-istanbul.com\/?page_id=8733"},"modified":"2021-02-26T12:52:28","modified_gmt":"2021-02-26T09:52:28","slug":"aura-alumni-vahit-turut","status":"publish","type":"page","link":"https:\/\/staging.aura-istanbul.com\/index.php\/aura-alumni-vahit-turut\/","title":{"rendered":"AURA Alumni: Vahit T\u00fcr\u00fct"},"content":{"rendered":"<div class=\"wpb-content-wrapper\"><p>[vc_section][vc_row][vc_column width=&#8221;1\/6&#8243;][vc_single_image image=&#8221;8596&#8243; img_size=&#8221;large&#8221; alignment=&#8221;center&#8221;][vc_empty_space][vc_column_text]<strong>Vahit T\u00fcr\u00fct<\/strong>[\/vc_column_text][vc_empty_space height=&#8221;16px&#8221;][vc_column_text]Mimar<br \/>\nKarab\u00fck \u00dcniversitesi<\/p>\n<p>G\u00fcz 2020<br \/>\nDan\u0131\u015fman: B\u00fc\u015fra Al &#8211; Sinan Logie[\/vc_column_text][vc_empty_space][vc_row_inner][vc_column_inner width=&#8221;1\/4&#8243;][vc_icon icon_fontawesome=&#8221;fa fa-envelope-o&#8221; color=&#8221;chino&#8221; size=&#8221;xs&#8221; link=&#8221;url:mailto%3Avahitturut%40artvin.edu.tr||target:%20_blank|&#8221;][\/vc_column_inner][vc_column_inner width=&#8221;1\/4&#8243;][vc_icon icon_fontawesome=&#8221;fa fa-linkedin-square&#8221; color=&#8221;chino&#8221; size=&#8221;xs&#8221; link=&#8221;url:https%3A%2F%2Fwww.linkedin.com%2Fin%2Fvahit-t%25C3%25BCr%25C3%25BCt-b7424a167%2F|||&#8221;][\/vc_column_inner][vc_column_inner width=&#8221;1\/4&#8243;][vc_icon icon_fontawesome=&#8221;fa fa-file-text&#8221; color=&#8221;chino&#8221; size=&#8221;xs&#8221; link=&#8221;url:https%3A%2F%2Fissuu.com%2Fvahitturut_%3Fissuu_product%3Dheader%26issuu_subproduct%3Daccount-settings%26issuu_context%3Dlink%26issuu_cta%3Dprofile|||&#8221;][\/vc_column_inner][\/vc_row_inner][\/vc_column][vc_column width=&#8221;2\/3&#8243;][vc_column_text]<strong>Kolektif An\u0131lar, Mikrokozmik Deneyimler, Heterotopik D\u00fc\u015fler<\/strong>[\/vc_column_text][vc_column_text]Proje ya\u015fam pratiklerinde meydana gelen bu de\u011fi\u015fimlerin izini s\u00fcrerken ge\u00e7mi\u015fin izlerini ta\u015f\u0131yan an\u0131larda, i\u00e7inde bulundu\u011fumuz kentsel deneyimlerde ve gelece\u011fe dair d\u00fc\u015flerimizde gizli olan d\u00f6n\u00fc\u015f\u00fcm potansiyelini tahayy\u00fcl etmek ama\u00e7lanm\u0131\u015ft\u0131r. Yersiz yurtsuz bir gezgin kent uzam\u0131nda mevcut do\u011frusal ve d\u00f6ng\u00fcsel ritimlerin izini s\u00fcrerken, donukla\u015fan b\u00fct\u00fcnl\u00fck i\u00e7erisinden potansiyel nesneler \u00e7ekip \u00e7\u0131karmaya \u00e7al\u0131\u015f\u0131r. Bu alanlar ya da nesneler \u00fczerinde zaman-mekan-enerji ak\u0131\u015flar\u0131n\u0131n izlerini s\u00fcrer. Gezgin bir anlamda toplum i\u00e7erisinde egemen g\u00fc\u00e7ler taraf\u0131ndan ayr\u0131\u015ft\u0131r\u0131lan gruplar\u0131n yeniden nitelikli etkile\u015fimler kurabilece\u011fi m\u00fczakere alanlar\u0131n\u0131 yaratmaktad\u0131r.<\/p>\n<p>Proje kapsam\u0131nda \u0130stanbul Tarihi Yar\u0131mada ve Beyo\u011flu b\u00f6lgeleri i\u00e7erisinde yer alan kentsel d\u00fc\u011f\u00fcmleri ile \u00f6rneklem alan\u0131 olarak se\u00e7ilmi\u015ftir. G\u00fcndelik ya\u015fam pratikleri i\u00e7inde a\u00e7\u0131lacak \u00e7atlaklar dinamik d\u00f6n\u00fc\u015f\u00fcmlerin ger\u00e7ekle\u015febilece\u011fi heterotopik olu\u015fumlar i\u00e7in bir zemin yarat\u0131m\u0131d\u0131r.<a href=\"#_ftnref1\" name=\"_ftn1\"><\/a><\/p>\n<p>Anahtar Kelimeler: heterotopya, kentsel e\u015fik,\u00f6tekilik ge\u00e7itleri, kentsel zaman-mekan , kentsel ritim[\/vc_column_text][vc_empty_space][vc_gallery interval=&#8221;10&#8243; images=&#8221;8734,8735,8736,8737,8738&#8243; img_size=&#8221;full&#8221;][\/vc_column][vc_column width=&#8221;1\/6&#8243;][vc_single_image image=&#8221;8739&#8243; img_size=&#8221;full&#8221; alignment=&#8221;center&#8221; style=&#8221;vc_box_border&#8221; onclick=&#8221;custom_link&#8221; img_link_target=&#8221;_blank&#8221;][vc_empty_space height=&#8221;16px&#8221;][vc_row_inner][vc_column_inner][vc_column_text][\/vc_column_text][\/vc_column_inner][\/vc_row_inner][vc_row_inner][vc_column_inner width=&#8221;2\/3&#8243;][\/vc_column_inner][vc_column_inner width=&#8221;1\/3&#8243;][\/vc_column_inner][\/vc_row_inner][\/vc_column][\/vc_row][\/vc_section]<\/p>\n<\/div>","protected":false},"excerpt":{"rendered":"<p>[vc_section][vc_row][vc_column width=&#8221;1\/6&#8243;][vc_single_image image=&#8221;8596&#8243; img_size=&#8221;large&#8221; alignment=&#8221;center&#8221;][vc_empty_space][vc_column_text]Vahit T\u00fcr\u00fct[\/vc_column_text][vc_empty_space height=&#8221;16px&#8221;][vc_column_text]Mimar Karab\u00fck \u00dcniversitesi G\u00fcz 2020 Dan\u0131\u015fman: B\u00fc\u015fra Al &#8211; Sinan Logie[\/vc_column_text][vc_empty_space][vc_row_inner][vc_column_inner width=&#8221;1\/4&#8243;][vc_icon icon_fontawesome=&#8221;fa fa-envelope-o&#8221; color=&#8221;chino&#8221; size=&#8221;xs&#8221; link=&#8221;url:mailto%3Avahitturut%40artvin.edu.tr||target:%20_blank|&#8221;][\/vc_column_inner][vc_column_inner width=&#8221;1\/4&#8243;][vc_icon icon_fontawesome=&#8221;fa fa-linkedin-square&#8221; color=&#8221;chino&#8221; size=&#8221;xs&#8221; link=&#8221;url:https%3A%2F%2Fwww.linkedin.com%2Fin%2Fvahit-t%25C3%25BCr%25C3%25BCt-b7424a167%2F|||&#8221;][\/vc_column_inner][vc_column_inner width=&#8221;1\/4&#8243;][vc_icon [&hellip;]<\/p>\n","protected":false},"author":7,"featured_media":0,"parent":0,"menu_order":0,"comment_status":"closed","ping_status":"closed","template":"","meta":{"_acf_changed":false,"_seopress_robots_primary_cat":"","_seopress_titles_title":"Vahit T\u00fcr\u00fct: Kolektif An\u0131lar,  Mikrokozmik Deneyimler,  Heterotopik D\u00fc\u015fler | %%sitetitle%%","_seopress_titles_desc":"Proje ya\u015fam pratiklerinde meydana gelen bu de\u011fi\u015fimlerin izini s\u00fcrerken ge\u00e7mi\u015fin izlerini ta\u015f\u0131yan an\u0131larda, i\u00e7inde bulundu\u011fumuz kentsel deneyimlerde ve gelece\u011fe dair d\u00fc\u015flerimizde gizli olan d\u00f6n\u00fc\u015f\u00fcm potansiyelini tahayy\u00fcl etmek ama\u00e7lanm\u0131\u015ft\u0131r.","_seopress_robots_index":"","_price":"","_stock":"","_tribe_ticket_header":"","_tribe_default_ticket_provider":"","_ticket_start_date":"","_ticket_end_date":"","_tribe_ticket_show_description":"","_tribe_ticket_show_not_going":false,"_tribe_ticket_use_global_stock":"","_tribe_ticket_global_stock_level":"","_global_stock_mode":"","_global_stock_cap":"","_tribe_rsvp_for_event":"","_tribe_ticket_going_count":"","_tribe_ticket_not_going_count":"","_tribe_tickets_list":"[]","_tribe_ticket_has_attendee_info_fields":false,"_EventAllDay":false,"_EventTimezone":"","_EventStartDate":"","_EventEndDate":"","_EventStartDateUTC":"","_EventEndDateUTC":"","_EventShowMap":false,"_EventShowMapLink":false,"_EventURL":"","_EventCost":"","_EventCostDescription":"","_EventCurrencySymbol":"","_EventCurrencyCode":"","_EventCurrencyPosition":"","_EventDateTimeSeparator":"","_EventTimeRangeSeparator":"","_EventOrganizerID":[],"_EventVenueID":[],"_OrganizerEmail":"","_OrganizerPhone":"","_OrganizerWebsite":"","_VenueAddress":"","_VenueCity":"","_VenueCountry":"","_VenueProvince":"","_VenueState":"","_VenueZip":"","_VenuePhone":"","_VenueURL":"","_VenueStateProvince":"","_VenueLat":"","_VenueLng":"","_VenueShowMap":false,"_VenueShowMapLink":false,"footnotes":"","_tec_slr_enabled":"","_tec_slr_layout":""},"class_list":["post-8733","page","type-page","status-publish","hentry"],"acf":[],"ticketed":false,"_links":{"self":[{"href":"https:\/\/staging.aura-istanbul.com\/index.php\/wp-json\/wp\/v2\/pages\/8733","targetHints":{"allow":["GET"]}}],"collection":[{"href":"https:\/\/staging.aura-istanbul.com\/index.php\/wp-json\/wp\/v2\/pages"}],"about":[{"href":"https:\/\/staging.aura-istanbul.com\/index.php\/wp-json\/wp\/v2\/types\/page"}],"author":[{"embeddable":true,"href":"https:\/\/staging.aura-istanbul.com\/index.php\/wp-json\/wp\/v2\/users\/7"}],"replies":[{"embeddable":true,"href":"https:\/\/staging.aura-istanbul.com\/index.php\/wp-json\/wp\/v2\/comments?post=8733"}],"version-history":[{"count":3,"href":"https:\/\/staging.aura-istanbul.com\/index.php\/wp-json\/wp\/v2\/pages\/8733\/revisions"}],"predecessor-version":[{"id":8742,"href":"https:\/\/staging.aura-istanbul.com\/index.php\/wp-json\/wp\/v2\/pages\/8733\/revisions\/8742"}],"wp:attachment":[{"href":"https:\/\/staging.aura-istanbul.com\/index.php\/wp-json\/wp\/v2\/media?parent=8733"}],"curies":[{"name":"wp","href":"https:\/\/api.w.org\/{rel}","templated":true}]}}