{"id":8716,"date":"2021-02-26T12:27:32","date_gmt":"2021-02-26T09:27:32","guid":{"rendered":"https:\/\/staging.aura-istanbul.com\/?page_id=8716"},"modified":"2021-02-26T12:27:32","modified_gmt":"2021-02-26T09:27:32","slug":"aura-alumni-sumeyye-karakaya","status":"publish","type":"page","link":"https:\/\/staging.aura-istanbul.com\/index.php\/aura-alumni-sumeyye-karakaya\/","title":{"rendered":"AURA Alumni: S\u00fcmeyye Karakaya"},"content":{"rendered":"<div class=\"wpb-content-wrapper\"><p>[vc_section][vc_row][vc_column width=&#8221;1\/6&#8243;][vc_single_image image=&#8221;8595&#8243; img_size=&#8221;large&#8221; alignment=&#8221;center&#8221;][vc_empty_space][vc_column_text]<strong>S\u00fcmeyye Karakaya<\/strong>[\/vc_column_text][vc_empty_space height=&#8221;16px&#8221;][vc_column_text]Mimar<br \/>\nSakarya \u00dcniversitesi<\/p>\n<p>G\u00fcz 2020<br \/>\nDan\u0131\u015fman: B\u00fc\u015fra Al &#8211; Sinan Logie[\/vc_column_text][vc_empty_space][vc_row_inner][vc_column_inner width=&#8221;1\/4&#8243;][vc_icon icon_fontawesome=&#8221;fa fa-envelope-o&#8221; color=&#8221;chino&#8221; size=&#8221;xs&#8221; link=&#8221;url:mailto%3Asmyykarakaya%40gmail.com||target:%20_blank|&#8221;][\/vc_column_inner][vc_column_inner width=&#8221;1\/4&#8243;][vc_icon icon_fontawesome=&#8221;fa fa-linkedin-square&#8221; color=&#8221;chino&#8221; size=&#8221;xs&#8221; link=&#8221;url:https%3A%2F%2Fwww.linkedin.com%2Fin%2Fs%C3%BCmeyye-karakaya-934663145%20|||&#8221;][\/vc_column_inner][vc_column_inner width=&#8221;1\/4&#8243;][vc_icon icon_fontawesome=&#8221;fa fa-file-text&#8221; color=&#8221;chino&#8221; size=&#8221;xs&#8221; link=&#8221;url:https%3A%2F%2Fissuu.com%2Fsumeyyekarakaya|||&#8221;][\/vc_column_inner][\/vc_row_inner][\/vc_column][vc_column width=&#8221;2\/3&#8243;][vc_column_text]<strong>Kentsel Doluluktan Kent Bo\u015flu\u011funa: K\u0131y\u0131 Dolgu Alanlar\u0131<\/strong>[\/vc_column_text][vc_column_text]K\u0131y\u0131, kent ve suyun bulu\u015ftu\u011fu noktada var olan e\u015fik bo\u015fluktur. K\u0131y\u0131, kente ve kentliye imkan sa\u011flad\u0131\u011f\u0131 devinimlerle, g\u00fcndelik hayat pratiklerine zemin olu\u015fturan kamusal alanlardand\u0131r. Bu \u00e7al\u0131\u015fma, kamusal alan meselesi \u00fczerinden k\u0131y\u0131lar\u0131n g\u00fcncel durumlar\u0131n\u0131 \u0130stanbul k\u0131y\u0131lar\u0131 ba\u011flam\u0131nda tart\u0131\u015fmay\u0131 hedeflemektedir. K\u0131y\u0131lar\u0131n mevcut durumu s\u00f6z konusu oldu\u011funda \u00e7ok\u00e7a g\u00fcndemde olan dolgu meselesini ve bu dolgular\u0131n k\u0131y\u0131da var etmeye \u00e7al\u0131\u015ft\u0131\u011f\u0131 bo\u015fluklar\u0131n kamusal bo\u015fluk tan\u0131mlama durumunu, k\u0131y\u0131y\u0131 olu\u015fturan di\u011fer doluluk ve bo\u015fluklarla birlikte sorgulamak ve sorgulatmak temel ama\u00e7lardand\u0131r.<\/p>\n<p>Bu sorgulamalar mekan-olay-hareket do\u011frultusunda, k\u0131y\u0131lar \u00fczerindeki arketipler yard\u0131m\u0131yla olu\u015fturulmu\u015ftur. Bu noktada arketip kavram\u0131n\u0131n ve bu kavram\u0131n k\u0131y\u0131daki g\u00fcndelik hayat pratiklerindeki kar\u015f\u0131l\u0131\u011f\u0131n\u0131n tart\u0131\u015f\u0131lmas\u0131 ve tan\u0131mlanmas\u0131 hedeflenmi\u015ftir. Arketiplerle birlikte k\u0131y\u0131lardaki belli odak noktalar\u0131n\u0131n sekanslar\u0131 \u00fcretilip, bu sekanslarla birlikte k\u0131y\u0131lar\u0131n kamusal bo\u015fluk olma durumlar\u0131 g\u00f6r\u00fcn\u00fcr hale getirilmek istenmi\u015f ve g\u00f6r\u00fcn\u00fcr k\u0131l\u0131nan durumlar \u00fczerinden dolgu meselesi tart\u0131\u015fmaya a\u00e7\u0131lm\u0131\u015ft\u0131r.<\/p>\n<p>Anahtar Kelimeler: K\u0131y\u0131, dolgu, sekans, arketip[\/vc_column_text][vc_empty_space][vc_gallery interval=&#8221;10&#8243; images=&#8221;8717,8718,8719,8720,8721&#8243; img_size=&#8221;full&#8221;][\/vc_column][vc_column width=&#8221;1\/6&#8243;][vc_single_image image=&#8221;8722&#8243; img_size=&#8221;full&#8221; alignment=&#8221;center&#8221; style=&#8221;vc_box_border&#8221; onclick=&#8221;custom_link&#8221; img_link_target=&#8221;_blank&#8221;][vc_empty_space height=&#8221;16px&#8221;][vc_row_inner][vc_column_inner][vc_column_text][\/vc_column_text][\/vc_column_inner][\/vc_row_inner][vc_row_inner][vc_column_inner width=&#8221;2\/3&#8243;][\/vc_column_inner][vc_column_inner width=&#8221;1\/3&#8243;][\/vc_column_inner][\/vc_row_inner][\/vc_column][\/vc_row][\/vc_section]<\/p>\n<\/div>","protected":false},"excerpt":{"rendered":"<p>[vc_section][vc_row][vc_column width=&#8221;1\/6&#8243;][vc_single_image image=&#8221;8595&#8243; img_size=&#8221;large&#8221; alignment=&#8221;center&#8221;][vc_empty_space][vc_column_text]S\u00fcmeyye Karakaya[\/vc_column_text][vc_empty_space height=&#8221;16px&#8221;][vc_column_text]Mimar Sakarya \u00dcniversitesi G\u00fcz 2020 Dan\u0131\u015fman: B\u00fc\u015fra Al &#8211; Sinan Logie[\/vc_column_text][vc_empty_space][vc_row_inner][vc_column_inner width=&#8221;1\/4&#8243;][vc_icon icon_fontawesome=&#8221;fa fa-envelope-o&#8221; color=&#8221;chino&#8221; size=&#8221;xs&#8221; link=&#8221;url:mailto%3Asmyykarakaya%40gmail.com||target:%20_blank|&#8221;][\/vc_column_inner][vc_column_inner width=&#8221;1\/4&#8243;][vc_icon icon_fontawesome=&#8221;fa fa-linkedin-square&#8221; color=&#8221;chino&#8221; size=&#8221;xs&#8221; link=&#8221;url:https%3A%2F%2Fwww.linkedin.com%2Fin%2Fs%C3%BCmeyye-karakaya-934663145%20|||&#8221;][\/vc_column_inner][vc_column_inner width=&#8221;1\/4&#8243;][vc_icon [&hellip;]<\/p>\n","protected":false},"author":7,"featured_media":0,"parent":0,"menu_order":0,"comment_status":"closed","ping_status":"closed","template":"","meta":{"_acf_changed":false,"_seopress_robots_primary_cat":"","_seopress_titles_title":"S\u00fcmeyye Karakaya: Kentsel Doluluktan Kent Bo\u015flu\u011funa: K\u0131y\u0131 Dolgu Alanlar\u0131  | %%sitetitle%%","_seopress_titles_desc":"\u00c7al\u0131\u015fma, kamusal alan meselesi \u00fczerinden k\u0131y\u0131lar\u0131n g\u00fcncel durumlar\u0131n\u0131 \u0130stanbul k\u0131y\u0131lar\u0131 ba\u011flam\u0131nda tart\u0131\u015fmay\u0131 hedeflemektedir. K\u0131y\u0131lar\u0131n mevcut durumu s\u00f6z konusu oldu\u011funda \u00e7ok\u00e7a g\u00fcndemde olan dolgu meselesini ve bu dolgular\u0131n k\u0131y\u0131da var etmeye \u00e7al\u0131\u015ft\u0131\u011f\u0131 bo\u015fluklar\u0131n kamusal bo\u015fluk tan\u0131mlama durumunu, k\u0131y\u0131y\u0131 olu\u015fturan di\u011fer doluluk ve bo\u015fluklarla birlikte sorgulamak ve sorgulatmak temel ama\u00e7lardand\u0131r.","_seopress_robots_index":"","_price":"","_stock":"","_tribe_ticket_header":"","_tribe_default_ticket_provider":"","_ticket_start_date":"","_ticket_end_date":"","_tribe_ticket_show_description":"","_tribe_ticket_show_not_going":false,"_tribe_ticket_use_global_stock":"","_tribe_ticket_global_stock_level":"","_global_stock_mode":"","_global_stock_cap":"","_tribe_rsvp_for_event":"","_tribe_ticket_going_count":"","_tribe_ticket_not_going_count":"","_tribe_tickets_list":"[]","_tribe_ticket_has_attendee_info_fields":false,"_EventAllDay":false,"_EventTimezone":"","_EventStartDate":"","_EventEndDate":"","_EventStartDateUTC":"","_EventEndDateUTC":"","_EventShowMap":false,"_EventShowMapLink":false,"_EventURL":"","_EventCost":"","_EventCostDescription":"","_EventCurrencySymbol":"","_EventCurrencyCode":"","_EventCurrencyPosition":"","_EventDateTimeSeparator":"","_EventTimeRangeSeparator":"","_EventOrganizerID":[],"_EventVenueID":[],"_OrganizerEmail":"","_OrganizerPhone":"","_OrganizerWebsite":"","_VenueAddress":"","_VenueCity":"","_VenueCountry":"","_VenueProvince":"","_VenueState":"","_VenueZip":"","_VenuePhone":"","_VenueURL":"","_VenueStateProvince":"","_VenueLat":"","_VenueLng":"","_VenueShowMap":false,"_VenueShowMapLink":false,"footnotes":"","_tec_slr_enabled":"","_tec_slr_layout":""},"class_list":["post-8716","page","type-page","status-publish","hentry"],"acf":[],"ticketed":false,"_links":{"self":[{"href":"https:\/\/staging.aura-istanbul.com\/index.php\/wp-json\/wp\/v2\/pages\/8716","targetHints":{"allow":["GET"]}}],"collection":[{"href":"https:\/\/staging.aura-istanbul.com\/index.php\/wp-json\/wp\/v2\/pages"}],"about":[{"href":"https:\/\/staging.aura-istanbul.com\/index.php\/wp-json\/wp\/v2\/types\/page"}],"author":[{"embeddable":true,"href":"https:\/\/staging.aura-istanbul.com\/index.php\/wp-json\/wp\/v2\/users\/7"}],"replies":[{"embeddable":true,"href":"https:\/\/staging.aura-istanbul.com\/index.php\/wp-json\/wp\/v2\/comments?post=8716"}],"version-history":[{"count":1,"href":"https:\/\/staging.aura-istanbul.com\/index.php\/wp-json\/wp\/v2\/pages\/8716\/revisions"}],"predecessor-version":[{"id":8723,"href":"https:\/\/staging.aura-istanbul.com\/index.php\/wp-json\/wp\/v2\/pages\/8716\/revisions\/8723"}],"wp:attachment":[{"href":"https:\/\/staging.aura-istanbul.com\/index.php\/wp-json\/wp\/v2\/media?parent=8716"}],"curies":[{"name":"wp","href":"https:\/\/api.w.org\/{rel}","templated":true}]}}