{"id":7594,"date":"2020-09-03T13:15:33","date_gmt":"2020-09-03T10:15:33","guid":{"rendered":"https:\/\/staging.aura-istanbul.com\/?page_id=7594"},"modified":"2020-10-02T14:21:29","modified_gmt":"2020-10-02T11:21:29","slug":"aura-alumni-selcen-fidan","status":"publish","type":"page","link":"https:\/\/staging.aura-istanbul.com\/index.php\/aura-alumni-selcen-fidan\/","title":{"rendered":"AURA Alumni: Selcen Fidan"},"content":{"rendered":"<div class=\"wpb-content-wrapper\"><p>[vc_section][vc_row][vc_column width=&#8221;1\/6&#8243;][vc_single_image image=&#8221;7269&#8243; img_size=&#8221;large&#8221; alignment=&#8221;center&#8221;][vc_empty_space][vc_column_text]<strong>Selcen Fidan<\/strong>[\/vc_column_text][vc_empty_space height=&#8221;16px&#8221;][vc_column_text]Mimar<br \/>\n\u0130stanbul Bilgi \u00dcniversitesi<\/p>\n<p>Bahar 2020<br \/>\nDan\u0131\u015fman: Cem \u0130lhan &#8211; Devrim \u00c7imen[\/vc_column_text][vc_empty_space][vc_row_inner][vc_column_inner width=&#8221;1\/4&#8243;][vc_icon icon_fontawesome=&#8221;fa fa-envelope-o&#8221; color=&#8221;chino&#8221; size=&#8221;xs&#8221; link=&#8221;url:http%3A%2F%2Fslcnfdn%40gmail.com||target:%20_blank|&#8221;][\/vc_column_inner][vc_column_inner width=&#8221;1\/4&#8243;][vc_icon icon_fontawesome=&#8221;fa fa-linkedin&#8221; color=&#8221;chino&#8221; size=&#8221;xs&#8221; link=&#8221;url:https%3A%2F%2Fwww.linkedin.com%2Fin%2Fselcen-fidan-24537287%2F||target:%20_blank|&#8221;][\/vc_column_inner][vc_column_inner width=&#8221;1\/4&#8243;][\/vc_column_inner][vc_column_inner width=&#8221;1\/4&#8243;][\/vc_column_inner][\/vc_row_inner][\/vc_column][vc_column width=&#8221;2\/3&#8243;][vc_column_text]<\/p>\n<p style=\"text-align: left;\"><strong>Hali\u00e7 K\u0131y\u0131lar\u0131n\u0131n Kimlik \u0130n\u015fas\u0131: Bir Atlas Okumas\u0131<\/strong><\/p>\n<p>[\/vc_column_text][vc_column_text]Bu \u00e7al\u0131\u015fma Hali\u00e7\u2019in ge\u00e7irdi\u011fi kimlik d\u00f6n\u00fc\u015f\u00fcm\u00fcn\u00fc anlama \u00e7abas\u0131yla ba\u015flad\u0131. S\u00fcrecin ba\u015f\u0131nda yap\u0131lan giri\u015f \u00e7al\u0131\u015fmas\u0131 ile birlikte Hali\u00e7\u2019i bir b\u00fct\u00fcn olarak anlaman\u0131n kapsaml\u0131 ve geni\u015f bir perspektif gerektirdi\u011fi anla\u015f\u0131ld\u0131. B\u00f6ylece bu s\u00fcre\u00e7 Bizans, Osmanl\u0131, Erken Cumhuriyet ve G\u00fcn\u00fcm\u00fcz olmak \u00fczere d\u00f6rt ayr\u0131 d\u00f6nemleme ile irdelenmeye \u00e7al\u0131\u015f\u0131ld\u0131. Hali\u00e7 ile ilgili ara\u015ft\u0131rma s\u00fcrerken kar\u015f\u0131la\u015f\u0131lan pek \u00e7ok yaz\u0131l\u0131 ve g\u00f6rsel kaynak bahsi ge\u00e7en d\u00f6rt d\u00f6nemi ayr\u0131 ayr\u0131, ya da kronolojik olarak ele almaktayd\u0131. Fakat bir yeri, ruhunu ve d\u00f6n\u00fc\u015f\u00fcm\u00fcn\u00fc anlamak i\u00e7in bu katmanl\u0131 dizilimi \u00fcst \u00fcste g\u00f6rebilmenin konuya yeni bir bak\u0131\u015f a\u00e7\u0131s\u0131 getirebilece\u011fi fikri ile yeni bir anlat\u0131m bi\u00e7imi aramaya ba\u015fland\u0131.<\/p>\n<p>\u00c7al\u0131\u015fmada \u00e7ok\u00e7a faydalan\u0131lan haritalar ve \u00e7izimlerden al\u0131nan ilham ile, bir \u2018Atlas\u2019\u0131n t\u00fcm bu katmanla\u015fmay\u0131 g\u00f6rsel ve yaz\u0131l\u0131 olarak bir araya getirebilme ihtimali denendi. Bu yaz\u0131 atlas\u0131 par\u00e7a par\u00e7a ele al\u0131rken, yap\u0131labilecek okumalar\u0131 da \u00f6rneklendirmeyi ama\u00e7lam\u0131\u015ft\u0131r.<\/p>\n<p>Atlas Hali\u00e7\u2019in k\u0131y\u0131 kimli\u011fini olu\u015fturan \u00f6\u011feleri minyat\u00fcr haritalama tekni\u011fi ile g\u00f6rselle\u015ftirmekte ve renk kodlar\u0131 bu \u00f6\u011feleri d\u00f6nemlerine ay\u0131rmaktad\u0131r.<\/p>\n<p>Anahtar Kelimeler: Hali\u00e7, atlas, k\u0131y\u0131, kimlik[\/vc_column_text][vc_empty_space][vc_gallery interval=&#8221;10&#8243; images=&#8221;7601,7599,7598,7597,7596&#8243; img_size=&#8221;full&#8221;][\/vc_column][vc_column width=&#8221;1\/6&#8243;][vc_single_image image=&#8221;7602&#8243; img_size=&#8221;full&#8221; alignment=&#8221;center&#8221; style=&#8221;vc_box_border&#8221; onclick=&#8221;custom_link&#8221; img_link_target=&#8221;_blank&#8221; link=&#8221;https:\/\/issuu.com\/aura-istanbul\/docs\/selcen_fidan&#8221;][vc_empty_space height=&#8221;16px&#8221;][vc_row_inner][vc_column_inner][vc_column_text]<\/p>\n<ul>\n<li>Projeyi incelemek i\u00e7in <a href=\"https:\/\/issuu.com\/aura-istanbul\/docs\/selcen_fidan\">t\u0131klay\u0131n.<\/a><\/li>\n<\/ul>\n<p>[\/vc_column_text][\/vc_column_inner][\/vc_row_inner][vc_empty_space height=&#8221;16px&#8221;][\/vc_column][\/vc_row][\/vc_section]<\/p>\n<\/div>","protected":false},"excerpt":{"rendered":"<p>[vc_section][vc_row][vc_column width=&#8221;1\/6&#8243;][vc_single_image image=&#8221;7269&#8243; img_size=&#8221;large&#8221; alignment=&#8221;center&#8221;][vc_empty_space][vc_column_text]Selcen Fidan[\/vc_column_text][vc_empty_space height=&#8221;16px&#8221;][vc_column_text]Mimar \u0130stanbul Bilgi \u00dcniversitesi Bahar 2020 Dan\u0131\u015fman: Cem \u0130lhan &#8211; Devrim \u00c7imen[\/vc_column_text][vc_empty_space][vc_row_inner][vc_column_inner width=&#8221;1\/4&#8243;][vc_icon icon_fontawesome=&#8221;fa fa-envelope-o&#8221; color=&#8221;chino&#8221; size=&#8221;xs&#8221; link=&#8221;url:http%3A%2F%2Fslcnfdn%40gmail.com||target:%20_blank|&#8221;][\/vc_column_inner][vc_column_inner width=&#8221;1\/4&#8243;][vc_icon icon_fontawesome=&#8221;fa fa-linkedin&#8221; color=&#8221;chino&#8221; size=&#8221;xs&#8221; link=&#8221;url:https%3A%2F%2Fwww.linkedin.com%2Fin%2Fselcen-fidan-24537287%2F||target:%20_blank|&#8221;][\/vc_column_inner][vc_column_inner [&hellip;]<\/p>\n","protected":false},"author":7,"featured_media":0,"parent":0,"menu_order":0,"comment_status":"closed","ping_status":"closed","template":"","meta":{"_acf_changed":false,"_seopress_robots_primary_cat":"","_seopress_titles_title":"Hali\u00e7 K\u0131y\u0131lar\u0131n\u0131n Kimlik \u0130n\u015fas\u0131: Bir Atlas Okumas\u0131, Selcen Fidan | %%sitetitle%%","_seopress_titles_desc":"Bu \u00e7al\u0131\u015fma Hali\u00e7\u2019in ge\u00e7irdi\u011fi kimlik d\u00f6n\u00fc\u015f\u00fcm\u00fcn\u00fc anlama \u00e7abas\u0131yla ba\u015flad\u0131. S\u00fcrecin ba\u015f\u0131nda yap\u0131lan giri\u015f \u00e7al\u0131\u015fmas\u0131 ile birlikte Hali\u00e7\u2019i bir b\u00fct\u00fcn olarak anlaman\u0131n kapsaml\u0131 ve geni\u015f bir perspektif gerektirdi\u011fi anla\u015f\u0131ld\u0131. \u00c7al\u0131\u015fmada \u00e7ok\u00e7a faydalan\u0131lan haritalar ve \u00e7izimlerden al\u0131nan ilham ile, bir \u2018Atlas\u2019\u0131n t\u00fcm bu katmanla\u015fmay\u0131 g\u00f6rsel ve yaz\u0131l\u0131 olarak bir araya getirebilme ihtimali denendi. Bu yaz\u0131 atlas\u0131 par\u00e7a par\u00e7a ele al\u0131rken, yap\u0131labilecek okumalar\u0131 da \u00f6rneklendirmeyi ama\u00e7lam\u0131\u015ft\u0131r.","_seopress_robots_index":"","_price":"","_stock":"","_tribe_ticket_header":"","_tribe_default_ticket_provider":"","_ticket_start_date":"","_ticket_end_date":"","_tribe_ticket_show_description":"","_tribe_ticket_show_not_going":false,"_tribe_ticket_use_global_stock":"","_tribe_ticket_global_stock_level":"","_global_stock_mode":"","_global_stock_cap":"","_tribe_rsvp_for_event":"","_tribe_ticket_going_count":"","_tribe_ticket_not_going_count":"","_tribe_tickets_list":"[]","_tribe_ticket_has_attendee_info_fields":false,"_EventAllDay":false,"_EventTimezone":"","_EventStartDate":"","_EventEndDate":"","_EventStartDateUTC":"","_EventEndDateUTC":"","_EventShowMap":false,"_EventShowMapLink":false,"_EventURL":"","_EventCost":"","_EventCostDescription":"","_EventCurrencySymbol":"","_EventCurrencyCode":"","_EventCurrencyPosition":"","_EventDateTimeSeparator":"","_EventTimeRangeSeparator":"","_EventOrganizerID":[],"_EventVenueID":[],"_OrganizerEmail":"","_OrganizerPhone":"","_OrganizerWebsite":"","_VenueAddress":"","_VenueCity":"","_VenueCountry":"","_VenueProvince":"","_VenueState":"","_VenueZip":"","_VenuePhone":"","_VenueURL":"","_VenueStateProvince":"","_VenueLat":"","_VenueLng":"","_VenueShowMap":false,"_VenueShowMapLink":false,"footnotes":"","_tec_slr_enabled":"","_tec_slr_layout":""},"class_list":["post-7594","page","type-page","status-publish","hentry"],"acf":[],"ticketed":false,"_links":{"self":[{"href":"https:\/\/staging.aura-istanbul.com\/index.php\/wp-json\/wp\/v2\/pages\/7594","targetHints":{"allow":["GET"]}}],"collection":[{"href":"https:\/\/staging.aura-istanbul.com\/index.php\/wp-json\/wp\/v2\/pages"}],"about":[{"href":"https:\/\/staging.aura-istanbul.com\/index.php\/wp-json\/wp\/v2\/types\/page"}],"author":[{"embeddable":true,"href":"https:\/\/staging.aura-istanbul.com\/index.php\/wp-json\/wp\/v2\/users\/7"}],"replies":[{"embeddable":true,"href":"https:\/\/staging.aura-istanbul.com\/index.php\/wp-json\/wp\/v2\/comments?post=7594"}],"version-history":[{"count":5,"href":"https:\/\/staging.aura-istanbul.com\/index.php\/wp-json\/wp\/v2\/pages\/7594\/revisions"}],"predecessor-version":[{"id":7844,"href":"https:\/\/staging.aura-istanbul.com\/index.php\/wp-json\/wp\/v2\/pages\/7594\/revisions\/7844"}],"wp:attachment":[{"href":"https:\/\/staging.aura-istanbul.com\/index.php\/wp-json\/wp\/v2\/media?parent=7594"}],"curies":[{"name":"wp","href":"https:\/\/api.w.org\/{rel}","templated":true}]}}