{"id":2282,"date":"2017-05-05T19:37:28","date_gmt":"2017-05-05T16:37:28","guid":{"rendered":"http:\/\/79.137.12.64\/~auraista\/?page_id=2282"},"modified":"2021-02-24T13:21:10","modified_gmt":"2021-02-24T10:21:10","slug":"jale-kulin","status":"publish","type":"page","link":"https:\/\/staging.aura-istanbul.com\/index.php\/yonetim-kurulu\/jale-kulin\/","title":{"rendered":"Jale Kulin"},"content":{"rendered":"<div class=\"wpb-content-wrapper\"><p>[vc_section][vc_row][vc_column width=&#8221;1\/3&#8243;][vc_single_image image=&#8221;2283&#8243; img_size=&#8221;full&#8221;][\/vc_column][vc_column width=&#8221;2\/3&#8243;][vc_column_text css_animation=&#8221;slideInRight&#8221;]<\/p>\n<h5><strong>Jale\u00a0Kulin <\/strong><em>Tasar\u0131mc\u0131\u00a0&#8211; Kurucu \u00dcye<\/em><\/h5>\n<p class=\"p1\"><span class=\"s1\">Yunanistan, \u0130svi\u00e7re, Bel\u00e7ika, Umman, \u0130ngiltere ve Nijerya aras\u0131nda gezgin bir \u00e7ocukluk ge\u00e7iren Jale Kulin, \u00e7ok uluslu ve \u00e7ok okullu bir okul hayat\u0131n\u0131 takiben, \u0130\u00e7 Mekan Tasar\u0131m\u0131 e\u011fitimini The Inchbald School Of Design Londra\u2019da tamamlad\u0131. Londra\u2019da <\/span><span class=\"s2\">Scarisbrick &amp; Bate<\/span><span class=\"s1\"> \u015firketinde ba\u015flad\u0131\u011f\u0131 i\u015f hayat\u0131n\u0131, Nijerya <\/span><span class=\"s2\">Chagoury Construction Group<\/span><span class=\"s1\">\u00a0ile devam ettiren Kulin, 1993 senesinde \u0130stanbul\u2019a d\u00f6n\u00fcp kendi \u015firketini kurdu.<\/span><\/p>\n<p class=\"p1\">Ki\u015fiye \u00f6zel \u00e7al\u0131\u015fma tarz\u0131n\u0131n \u00f6n planda tutuldu\u011fu ofisinde, konut, rezidans, restoran, ve otel projeleri tasar\u0131mlar\u0131n\u0131n yan\u0131 s\u0131ra, i\u00e7 mekan tasar\u0131m\u0131 dan\u0131\u015fmanl\u0131\u011f\u0131 vermekte olan Kulin, \u0130ngiltere, Fransa, Azerbaycan ve K\u0131br\u0131s\u2019ta projeler ger\u00e7ekle\u015ftirdi.<\/p>\n<p class=\"p1\">\u0130stanbul \u2018da \u0130talyan devleti ad\u0131na yapt\u0131\u011f\u0131 \u00e7al\u0131\u015fmalar sonucu<span class=\"Apple-converted-space\">\u00a0&#8220;<\/span>Cavaliere dell\u2019Ordine&#8221; liyakat ni\u015fan\u0131na lay\u0131k g\u00f6r\u00fcld\u00fc.\u00a0Mobilyalar\u0131 Derin Design ve Duduu Studio koleksiyonunda yer alan Kulin, d\u00fc\u015f\u00fcncenin ve hayalin \u00e7ok boyutlu heyecan\u0131n\u0131 farkl\u0131 tasar\u0131m lisanlar\u0131 ile yorumlamaktad\u0131r.<\/p>\n<p class=\"p1\">Kulin, 2017 y\u0131l\u0131ndan itibaren kurucu \u00fcyesi oldu\u011fu AURA \u0130stanbul\u2019da yarat\u0131c\u0131l\u0131k ve tasar\u0131m k\u00fclt\u00fcr\u00fc \u00fczerine d\u00fc\u015f\u00fcncelerini gen\u00e7 meslekta\u015flar\u0131 ile payla\u015fmaktad\u0131r.<\/p>\n<p>[\/vc_column_text][\/vc_column][\/vc_row][\/vc_section]<\/p>\n<\/div>","protected":false},"excerpt":{"rendered":"<p>[vc_section][vc_row][vc_column width=&#8221;1\/3&#8243;][vc_single_image image=&#8221;2283&#8243; img_size=&#8221;full&#8221;][\/vc_column][vc_column width=&#8221;2\/3&#8243;][vc_column_text css_animation=&#8221;slideInRight&#8221;] Jale\u00a0Kulin Tasar\u0131mc\u0131\u00a0&#8211; Kurucu \u00dcye Yunanistan, \u0130svi\u00e7re, Bel\u00e7ika, Umman, \u0130ngiltere ve Nijerya aras\u0131nda gezgin bir \u00e7ocukluk ge\u00e7iren Jale Kulin, \u00e7ok uluslu ve \u00e7ok okullu bir [&hellip;]<\/p>\n","protected":false},"author":1,"featured_media":0,"parent":2175,"menu_order":0,"comment_status":"closed","ping_status":"closed","template":"","meta":{"_acf_changed":false,"_seopress_robots_primary_cat":"","_seopress_titles_title":"","_seopress_titles_desc":"","_seopress_robots_index":"","_price":"","_stock":"","_tribe_ticket_header":"","_tribe_default_ticket_provider":"","_ticket_start_date":"","_ticket_end_date":"","_tribe_ticket_show_description":"","_tribe_ticket_show_not_going":false,"_tribe_ticket_use_global_stock":"","_tribe_ticket_global_stock_level":"","_global_stock_mode":"","_global_stock_cap":"","_tribe_rsvp_for_event":"","_tribe_ticket_going_count":"","_tribe_ticket_not_going_count":"","_tribe_tickets_list":"[]","_tribe_ticket_has_attendee_info_fields":false,"_EventAllDay":false,"_EventTimezone":"","_EventStartDate":"","_EventEndDate":"","_EventStartDateUTC":"","_EventEndDateUTC":"","_EventShowMap":false,"_EventShowMapLink":false,"_EventURL":"","_EventCost":"","_EventCostDescription":"","_EventCurrencySymbol":"","_EventCurrencyCode":"","_EventCurrencyPosition":"","_EventDateTimeSeparator":"","_EventTimeRangeSeparator":"","_EventOrganizerID":[],"_EventVenueID":[],"_OrganizerEmail":"","_OrganizerPhone":"","_OrganizerWebsite":"","_VenueAddress":"","_VenueCity":"","_VenueCountry":"","_VenueProvince":"","_VenueState":"","_VenueZip":"","_VenuePhone":"","_VenueURL":"","_VenueStateProvince":"","_VenueLat":"","_VenueLng":"","_VenueShowMap":false,"_VenueShowMapLink":false,"footnotes":"","_tec_slr_enabled":"","_tec_slr_layout":""},"class_list":["post-2282","page","type-page","status-publish","hentry"],"acf":[],"ticketed":false,"_links":{"self":[{"href":"https:\/\/staging.aura-istanbul.com\/index.php\/wp-json\/wp\/v2\/pages\/2282","targetHints":{"allow":["GET"]}}],"collection":[{"href":"https:\/\/staging.aura-istanbul.com\/index.php\/wp-json\/wp\/v2\/pages"}],"about":[{"href":"https:\/\/staging.aura-istanbul.com\/index.php\/wp-json\/wp\/v2\/types\/page"}],"author":[{"embeddable":true,"href":"https:\/\/staging.aura-istanbul.com\/index.php\/wp-json\/wp\/v2\/users\/1"}],"replies":[{"embeddable":true,"href":"https:\/\/staging.aura-istanbul.com\/index.php\/wp-json\/wp\/v2\/comments?post=2282"}],"version-history":[{"count":4,"href":"https:\/\/staging.aura-istanbul.com\/index.php\/wp-json\/wp\/v2\/pages\/2282\/revisions"}],"predecessor-version":[{"id":8524,"href":"https:\/\/staging.aura-istanbul.com\/index.php\/wp-json\/wp\/v2\/pages\/2282\/revisions\/8524"}],"up":[{"embeddable":true,"href":"https:\/\/staging.aura-istanbul.com\/index.php\/wp-json\/wp\/v2\/pages\/2175"}],"wp:attachment":[{"href":"https:\/\/staging.aura-istanbul.com\/index.php\/wp-json\/wp\/v2\/media?parent=2282"}],"curies":[{"name":"wp","href":"https:\/\/api.w.org\/{rel}","templated":true}]}}