{"id":2166,"date":"2017-05-05T14:27:49","date_gmt":"2017-05-05T11:27:49","guid":{"rendered":"http:\/\/79.137.12.64\/~auraista\/?page_id=2166"},"modified":"2022-08-23T18:23:41","modified_gmt":"2022-08-23T15:23:41","slug":"program-modulleri","status":"publish","type":"page","link":"https:\/\/staging.aura-istanbul.com\/index.php\/program-modulleri\/","title":{"rendered":"Program Mod\u00fclleri"},"content":{"rendered":"<div class=\"wpb-content-wrapper\"><p>[vc_section 0=&#8221;&#8221;][vc_row 0=&#8221;&#8221;][vc_column 0=&#8221;&#8221;][vc_column_text 0=&#8221;&#8221;]<\/p>\n<h2>Program Mod\u00fclleri<\/h2>\n<p>[\/vc_column_text][\/vc_column][\/vc_row][\/vc_section][vc_row 0=&#8221;&#8221;][vc_column width=&#8221;1\/2&#8243;][vc_empty_space][vc_column_text 0=&#8221;&#8221;]Program toplam 14 haftal\u0131k \u00fc\u00e7 ana b\u00f6l\u00fcmden olu\u015fmaktad\u0131r.<\/p>\n<p>\u0130lk b\u00f6l\u00fcm \u00e7al\u0131\u015fman\u0131n omurgas\u0131n\u0131 olu\u015fturan <a href=\"https:\/\/staging.aura-istanbul.com\/index.php\/tasarim-studyosu\/\"><strong>Ara\u015ft\u0131rma Tabanl\u0131 Tasar\u0131m St\u00fcdyosu<\/strong><\/a>\u2019dur.<\/p>\n<p>\u0130kinci b\u00f6l\u00fcm st\u00fcdyo \u00e7al\u0131\u015fmalar\u0131n\u0131 destekleyecek i\u00e7erikte ve her \u00e7al\u0131\u015fma d\u00f6nemi farkl\u0131 konu ba\u015fl\u0131klar\u0131na sahip olacak \u015fekilde d\u00fczenlenecek <a href=\"https:\/\/staging.aura-istanbul.com\/index.php\/aura-seminerleri\/\"><strong>Seminer Dizileri<\/strong><\/a>&#8216;dir. Seminer dizileri kendi i\u00e7inde tarihsel-kuramsal konular ve teknik-y\u00f6nteme ili\u015fkin konular \u015feklinde iki alt ba\u015fl\u0131kta d\u00fczenlenecektir.<\/p>\n<p>\u00dc\u00e7\u00fcnc\u00fc b\u00f6l\u00fcm ise disiplinler aras\u0131 bir nitelikte programlanacak <strong><a href=\"https:\/\/staging.aura-istanbul.com\/index.php\/cumartesiaurasi\/\">Cumartesi Auras\u0131 Konferans Dizisi<\/a><\/strong>&#8216;dir.<\/p>\n<p>14 haftal\u0131k program s\u00fcrecini,\u00a02 hafta s\u00fcren, Ara\u015ft\u0131rma Tabanl\u0131 Tasar\u0131m St\u00fcdyosu&#8217;nda ger\u00e7ekle\u015ftirilen \u00fcretimlerin AURA \u0130stanbul yay\u0131n\u0131na y\u00f6nelik haz\u0131rl\u0131\u011f\u0131 takip eder. 16 haftal\u0131k Sertifika Program\u0131, ara\u015ft\u0131rma\/tasar\u0131m projelerinin teslimi ile sonlan\u0131r.<\/p>\n<p>Kat\u0131l\u0131mc\u0131lar\u0131n, \u00e7al\u0131\u015fma s\u00fcrecinde iki temel konu \u00fczerinde odaklanmalar\u0131 hedeflenmektedir. Bunlardan ilki, tarihsel ve kuramsal konular ile tasar\u0131m eylemi ve pratik aras\u0131ndaki ili\u015fkinin kavranmas\u0131; ikincisi ise mimarl\u0131k, planlama ve peyzaj mimarl\u0131\u011f\u0131 disiplinleri ile \u00f6zellikle sosyal bilimler aras\u0131ndaki etkile\u015fimin ve ili\u015fkinin geli\u015ftirilmesidir.[\/vc_column_text][\/vc_column][vc_column width=&#8221;1\/2&#8243;][vc_images_carousel images=&#8221;10546,9773,9772,8466,8463,8464,5565,5566,5564,5585,5583&#8243; img_size=&#8221;large&#8221; autoplay=&#8221;yes&#8221; hide_prev_next_buttons=&#8221;yes&#8221; wrap=&#8221;yes&#8221;][\/vc_column][\/vc_row][vc_section][\/vc_section]<\/p>\n<\/div>","protected":false},"excerpt":{"rendered":"<p>[vc_section 0=&#8221;&#8221;][vc_row 0=&#8221;&#8221;][vc_column 0=&#8221;&#8221;][vc_column_text 0=&#8221;&#8221;] Program Mod\u00fclleri [\/vc_column_text][\/vc_column][\/vc_row][\/vc_section][vc_row 0=&#8221;&#8221;][vc_column width=&#8221;1\/2&#8243;][vc_empty_space][vc_column_text 0=&#8221;&#8221;]Program toplam 14 haftal\u0131k \u00fc\u00e7 ana b\u00f6l\u00fcmden olu\u015fmaktad\u0131r. \u0130lk b\u00f6l\u00fcm \u00e7al\u0131\u015fman\u0131n omurgas\u0131n\u0131 olu\u015fturan Ara\u015ft\u0131rma Tabanl\u0131 Tasar\u0131m St\u00fcdyosu\u2019dur. \u0130kinci b\u00f6l\u00fcm st\u00fcdyo [&hellip;]<\/p>\n","protected":false},"author":1,"featured_media":2405,"parent":0,"menu_order":0,"comment_status":"closed","ping_status":"closed","template":"","meta":{"_acf_changed":false,"_seopress_robots_primary_cat":"","_seopress_titles_title":"Program Mod\u00fclleri | %%sitetitle%%","_seopress_titles_desc":"","_seopress_robots_index":"","_price":"","_stock":"","_tribe_ticket_header":"","_tribe_default_ticket_provider":"","_ticket_start_date":"","_ticket_end_date":"","_tribe_ticket_show_description":"","_tribe_ticket_show_not_going":false,"_tribe_ticket_use_global_stock":"","_tribe_ticket_global_stock_level":"","_global_stock_mode":"","_global_stock_cap":"","_tribe_rsvp_for_event":"","_tribe_ticket_going_count":"","_tribe_ticket_not_going_count":"","_tribe_tickets_list":"[]","_tribe_ticket_has_attendee_info_fields":false,"_EventAllDay":false,"_EventTimezone":"","_EventStartDate":"","_EventEndDate":"","_EventStartDateUTC":"","_EventEndDateUTC":"","_EventShowMap":false,"_EventShowMapLink":false,"_EventURL":"","_EventCost":"","_EventCostDescription":"","_EventCurrencySymbol":"","_EventCurrencyCode":"","_EventCurrencyPosition":"","_EventDateTimeSeparator":"","_EventTimeRangeSeparator":"","_EventOrganizerID":[],"_EventVenueID":[],"_OrganizerEmail":"","_OrganizerPhone":"","_OrganizerWebsite":"","_VenueAddress":"","_VenueCity":"","_VenueCountry":"","_VenueProvince":"","_VenueState":"","_VenueZip":"","_VenuePhone":"","_VenueURL":"","_VenueStateProvince":"","_VenueLat":"","_VenueLng":"","_VenueShowMap":false,"_VenueShowMapLink":false,"footnotes":"","_tec_slr_enabled":"","_tec_slr_layout":""},"class_list":["post-2166","page","type-page","status-publish","has-post-thumbnail","hentry"],"acf":[],"ticketed":false,"_links":{"self":[{"href":"https:\/\/staging.aura-istanbul.com\/index.php\/wp-json\/wp\/v2\/pages\/2166","targetHints":{"allow":["GET"]}}],"collection":[{"href":"https:\/\/staging.aura-istanbul.com\/index.php\/wp-json\/wp\/v2\/pages"}],"about":[{"href":"https:\/\/staging.aura-istanbul.com\/index.php\/wp-json\/wp\/v2\/types\/page"}],"author":[{"embeddable":true,"href":"https:\/\/staging.aura-istanbul.com\/index.php\/wp-json\/wp\/v2\/users\/1"}],"replies":[{"embeddable":true,"href":"https:\/\/staging.aura-istanbul.com\/index.php\/wp-json\/wp\/v2\/comments?post=2166"}],"version-history":[{"count":23,"href":"https:\/\/staging.aura-istanbul.com\/index.php\/wp-json\/wp\/v2\/pages\/2166\/revisions"}],"predecessor-version":[{"id":10547,"href":"https:\/\/staging.aura-istanbul.com\/index.php\/wp-json\/wp\/v2\/pages\/2166\/revisions\/10547"}],"wp:featuredmedia":[{"embeddable":true,"href":"https:\/\/staging.aura-istanbul.com\/index.php\/wp-json\/wp\/v2\/media\/2405"}],"wp:attachment":[{"href":"https:\/\/staging.aura-istanbul.com\/index.php\/wp-json\/wp\/v2\/media?parent=2166"}],"curies":[{"name":"wp","href":"https:\/\/api.w.org\/{rel}","templated":true}]}}