{"id":13825,"date":"2025-04-22T16:15:42","date_gmt":"2025-04-22T13:15:42","guid":{"rendered":"https:\/\/staging.aura-istanbul.com\/?page_id=13825"},"modified":"2025-09-02T10:31:36","modified_gmt":"2025-09-02T07:31:36","slug":"aura-alumni-emine-naciye-binan","status":"publish","type":"page","link":"https:\/\/staging.aura-istanbul.com\/index.php\/aura-alumni-emine-naciye-binan\/","title":{"rendered":"AURA Alumni: Emine Naciye Binan"},"content":{"rendered":"<div class=\"wpb-content-wrapper\"><p>[vc_section][vc_row][vc_column width=&#8221;1\/6&#8243;][vc_single_image image=&#8221;13635&#8243; img_size=&#8221;large&#8221; alignment=&#8221;center&#8221; css=&#8221;&#8221;][vc_empty_space][vc_column_text css=&#8221;&#8221;]<b>Emine Naciye Binan<\/b>[\/vc_column_text][vc_empty_space height=&#8221;16px&#8221;][vc_column_text css=&#8221;&#8221;]\u0130\u00e7 Mimarl\u0131k<br \/>\n<span data-sheets-root=\"1\">MSGS\u00dc<\/span><\/p>\n<p>G\u00fcz 2024<br \/>\nDan\u0131\u015fman: Asl\u0131han Demirta\u015f &#8211; Bilge Bal[\/vc_column_text][vc_empty_space][vc_row_inner][vc_column_inner width=&#8221;1\/4&#8243;][\/vc_column_inner][vc_column_inner width=&#8221;1\/4&#8243;][vc_icon icon_fontawesome=&#8221;fa fa-brands fa-linkedin&#8221; color=&#8221;chino&#8221; size=&#8221;xs&#8221; css=&#8221;&#8221; link=&#8221;url:https%3A%2F%2Fwww.linkedin.com%2Fin%2Femine-naciye-binan-3ab593206%2F&#8221;][\/vc_column_inner][vc_column_inner width=&#8221;1\/4&#8243;][\/vc_column_inner][vc_column_inner width=&#8221;1\/4&#8243;][\/vc_column_inner][\/vc_row_inner][\/vc_column][vc_column width=&#8221;2\/3&#8243;][vc_empty_space][vc_column_text css=&#8221;&#8221;]<\/p>\n<p style=\"text-align: left;\"><b>Bomonti Su Yap\u0131lar\u0131n\u0131n Restorasyonu ve Su Haf\u0131zas\u0131n\u0131n \u0130zleri<\/b><\/p>\n<p>[\/vc_column_text][vc_empty_space][vc_column_text css=&#8221;&#8221;]<span style=\"font-weight: 400;\">Bu \u00e7al\u0131\u015fma, suyun tarih boyunca insan ya\u015fam\u0131ndaki \u00f6nemine odaklanarak, su yap\u0131lar\u0131n\u0131n tarihsel geli\u015fimini ve bu yap\u0131lar\u0131n g\u00fcn\u00fcm\u00fczdeki durumunu ele almaktad\u0131r. Suyun sadece hayati bir ihtiya\u00e7 de\u011fil, ayn\u0131 zamanda k\u00fclt\u00fcrel ve manevi anlamlar ta\u015f\u0131d\u0131\u011f\u0131 vurgulanmaktad\u0131r. Su, ge\u00e7mi\u015fte ar\u0131nman\u0131n sembol\u00fc iken, g\u00fcn\u00fcm\u00fczde teknik i\u015fletmelere ba\u011f\u0131ml\u0131 bir kaynak olan \u201cH\u2082O\u201dya d\u00f6n\u00fc\u015fm\u00fc\u015ft\u00fcr. Bu d\u00f6n\u00fc\u015f\u00fcm, su yap\u0131lar\u0131n\u0131n kullan\u0131m\u0131na ve alg\u0131s\u0131na da yans\u0131m\u0131\u015ft\u0131r.<\/span><span style=\"font-weight: 400;\"><br \/>\n<\/span><span style=\"font-weight: 400;\">Bomonti b\u00f6lgesindeki su yap\u0131lar\u0131 \u2013 su deposu, su \u015fatosu ve su kulesi \u2013 bu ba\u011flamda detayl\u0131 \u015fekilde incelenmi\u015ftir. \u00d6zellikle Terkos\u2019tan Ferik\u00f6y Pompa \u0130stasyonu\u2019na uzanan su iletim hatt\u0131 ve bu hatta ba\u011fl\u0131 yap\u0131lar\u0131n i\u015flevi a\u00e7\u0131klanm\u0131\u015ft\u0131r. Google haritalar \u00fczerinden elde edilen bilgiler, baz\u0131 yap\u0131lar\u0131n (\u00f6rne\u011fin su deposunun) zamanla asfaltla \u00f6rt\u00fclerek otoparka d\u00f6n\u00fc\u015ft\u00fcr\u00fcld\u00fc\u011f\u00fcn\u00fc ve bug\u00fcn eri\u015fime kapal\u0131 oldu\u011funu g\u00f6stermektedir.<\/span><\/p>\n<p><span style=\"font-weight: 400;\">Proje kapsam\u0131nda, bu yap\u0131lar\u0131n haf\u0131zas\u0131n\u0131 canland\u0131rmak amac\u0131yla yeni bir \u201csu rotas\u0131\u201d \u00f6nerilmi\u015ftir. Bu rota, kullan\u0131c\u0131y\u0131 su deposundan ba\u015flayarak sarn\u0131\u00e7 benzeri bir atmosferle bulu\u015fturur; ard\u0131ndan mesken izlerini takip eden bir merdivenle su kulesine ula\u015f\u0131l\u0131r. Rota boyunca sosyal alanlar, etkinlik ve g\u00f6zlem noktalar\u0131 \u00f6nerilerek kullan\u0131c\u0131ya hem fiziksel hem de deneyimsel bir etkile\u015fim sunulur. Ama\u00e7, suyun tarihsel de\u011ferini yeniden g\u00f6r\u00fcn\u00fcr k\u0131lmak ve bu yap\u0131lar arac\u0131l\u0131\u011f\u0131yla kent belle\u011fini canland\u0131rmakt\u0131r.<\/span>[\/vc_column_text][vc_empty_space][vc_gallery interval=&#8221;10&#8243; images=&#8221;13826,13827,13828,13829,13830&#8243; img_size=&#8221;full&#8221; css=&#8221;&#8221;][vc_empty_space][\/vc_column][vc_column width=&#8221;1\/6&#8243;][vc_single_image image=&#8221;13831&#8243; img_size=&#8221;FULL&#8221; alignment=&#8221;center&#8221; style=&#8221;vc_box_border&#8221; css=&#8221;&#8221;][vc_empty_space height=&#8221;16px&#8221;][vc_row_inner][vc_column_inner][vc_column_text][\/vc_column_text][vc_column_text][\/vc_column_text][\/vc_column_inner][\/vc_row_inner][vc_row_inner][vc_column_inner width=&#8221;2\/3&#8243;][\/vc_column_inner][vc_column_inner width=&#8221;1\/3&#8243;][\/vc_column_inner][\/vc_row_inner][\/vc_column][\/vc_row][\/vc_section]<\/p>\n<\/div>","protected":false},"excerpt":{"rendered":"<p>[vc_section][vc_row][vc_column width=&#8221;1\/6&#8243;][vc_single_image image=&#8221;13635&#8243; img_size=&#8221;large&#8221; alignment=&#8221;center&#8221; css=&#8221;&#8221;][vc_empty_space][vc_column_text css=&#8221;&#8221;]Emine Naciye Binan[\/vc_column_text][vc_empty_space height=&#8221;16px&#8221;][vc_column_text css=&#8221;&#8221;]\u0130\u00e7 Mimarl\u0131k MSGS\u00dc G\u00fcz 2024 Dan\u0131\u015fman: Asl\u0131han Demirta\u015f &#8211; Bilge Bal[\/vc_column_text][vc_empty_space][vc_row_inner][vc_column_inner width=&#8221;1\/4&#8243;][\/vc_column_inner][vc_column_inner width=&#8221;1\/4&#8243;][vc_icon icon_fontawesome=&#8221;fa fa-brands fa-linkedin&#8221; color=&#8221;chino&#8221; size=&#8221;xs&#8221; css=&#8221;&#8221; link=&#8221;url:https%3A%2F%2Fwww.linkedin.com%2Fin%2Femine-naciye-binan-3ab593206%2F&#8221;][\/vc_column_inner][vc_column_inner [&hellip;]<\/p>\n","protected":false},"author":10,"featured_media":0,"parent":0,"menu_order":0,"comment_status":"closed","ping_status":"closed","template":"","meta":{"_acf_changed":false,"_seopress_robots_primary_cat":"","_seopress_titles_title":"AURA Alumni: Emine Naciye Binan","_seopress_titles_desc":"2024 G\u00fcz Do\u0308nemi\u2019nde \u201cAras\u0327t\u0131rma Tabanl\u0131 Tasar\u0131m Stu\u0308dyosu\u201dnda, kat\u0131l\u0131mc\u0131lar\u0131m\u0131z, Asl\u0131han Demirta\u015f ve Bilge Bal y\u00fcr\u00fct\u00fcc\u00fcl\u00fc\u011f\u00fcndeki st\u00fcdyoda D\u00fcnya yanarken temas\u0131na odakland\u0131.","_seopress_robots_index":"","_price":"","_stock":"","_tribe_ticket_header":"","_tribe_default_ticket_provider":"","_ticket_start_date":"","_ticket_end_date":"","_tribe_ticket_show_description":"","_tribe_ticket_show_not_going":false,"_tribe_ticket_use_global_stock":"","_tribe_ticket_global_stock_level":"","_global_stock_mode":"","_global_stock_cap":"","_tribe_rsvp_for_event":"","_tribe_ticket_going_count":"","_tribe_ticket_not_going_count":"","_tribe_tickets_list":"[]","_tribe_ticket_has_attendee_info_fields":false,"_EventAllDay":false,"_EventTimezone":"","_EventStartDate":"","_EventEndDate":"","_EventStartDateUTC":"","_EventEndDateUTC":"","_EventShowMap":false,"_EventShowMapLink":false,"_EventURL":"","_EventCost":"","_EventCostDescription":"","_EventCurrencySymbol":"","_EventCurrencyCode":"","_EventCurrencyPosition":"","_EventDateTimeSeparator":"","_EventTimeRangeSeparator":"","_EventOrganizerID":[],"_EventVenueID":[],"_OrganizerEmail":"","_OrganizerPhone":"","_OrganizerWebsite":"","_VenueAddress":"","_VenueCity":"","_VenueCountry":"","_VenueProvince":"","_VenueState":"","_VenueZip":"","_VenuePhone":"","_VenueURL":"","_VenueStateProvince":"","_VenueLat":"","_VenueLng":"","_VenueShowMap":false,"_VenueShowMapLink":false,"footnotes":"","_tec_slr_enabled":"","_tec_slr_layout":""},"class_list":["post-13825","page","type-page","status-publish","hentry"],"acf":[],"ticketed":false,"_links":{"self":[{"href":"https:\/\/staging.aura-istanbul.com\/index.php\/wp-json\/wp\/v2\/pages\/13825","targetHints":{"allow":["GET"]}}],"collection":[{"href":"https:\/\/staging.aura-istanbul.com\/index.php\/wp-json\/wp\/v2\/pages"}],"about":[{"href":"https:\/\/staging.aura-istanbul.com\/index.php\/wp-json\/wp\/v2\/types\/page"}],"author":[{"embeddable":true,"href":"https:\/\/staging.aura-istanbul.com\/index.php\/wp-json\/wp\/v2\/users\/10"}],"replies":[{"embeddable":true,"href":"https:\/\/staging.aura-istanbul.com\/index.php\/wp-json\/wp\/v2\/comments?post=13825"}],"version-history":[{"count":4,"href":"https:\/\/staging.aura-istanbul.com\/index.php\/wp-json\/wp\/v2\/pages\/13825\/revisions"}],"predecessor-version":[{"id":14761,"href":"https:\/\/staging.aura-istanbul.com\/index.php\/wp-json\/wp\/v2\/pages\/13825\/revisions\/14761"}],"wp:attachment":[{"href":"https:\/\/staging.aura-istanbul.com\/index.php\/wp-json\/wp\/v2\/media?parent=13825"}],"curies":[{"name":"wp","href":"https:\/\/api.w.org\/{rel}","templated":true}]}}