{"id":10879,"date":"2023-02-21T13:18:29","date_gmt":"2023-02-21T10:18:29","guid":{"rendered":"https:\/\/staging.aura-istanbul.com\/?page_id=10879"},"modified":"2025-09-23T20:35:24","modified_gmt":"2025-09-23T17:35:24","slug":"aura-alumni-ayse-melis-goksan","status":"publish","type":"page","link":"https:\/\/staging.aura-istanbul.com\/index.php\/aura-alumni-ayse-melis-goksan\/","title":{"rendered":"AURA Alumni: Ay\u015fe Melis G\u00f6ksan"},"content":{"rendered":"<div class=\"wpb-content-wrapper\"><p>[vc_section][vc_row][vc_column width=&#8221;1\/6&#8243;][vc_single_image image=&#8221;10840&#8243; img_size=&#8221;large&#8221; alignment=&#8221;center&#8221;][vc_empty_space][vc_column_text]<strong>Ay\u015fe Melis G\u00f6ksan<\/strong>[\/vc_column_text][vc_empty_space height=&#8221;16px&#8221;][vc_column_text]Mimar<br \/>\nRhode Island School of Design<br \/>\nRoyal College of Art<\/p>\n<p>G\u00fcz 2022<br \/>\nDan\u0131\u015fman: Ersen G\u00fcrsel &#8211; Ay\u015feg\u00fcl Kuru\u00e7[\/vc_column_text][vc_empty_space][\/vc_column][vc_column width=&#8221;2\/3&#8243;][vc_column_text]<\/p>\n<p style=\"text-align: left;\"><strong>Her \u015eey Meydanda: Beyaz\u0131t Meydan\u0131<\/strong><\/p>\n<p>[\/vc_column_text][vc_column_text]Beyaz\u0131t Meydan\u0131 Projesi, \u0130stanbul\u2019un tarih boyunca kesi\u015fim merkezi olan Beyaz\u0131t Meydan\u0131 \u00fczerine geli\u015ftirilmi\u015ftir. Projede meydan\u0131n tarihi ara\u015ft\u0131r\u0131l\u0131p g\u00fcn\u00fcm\u00fczdeki durumu incelenerek meydan\u0131n gelece\u011fi \u00fczerine \u00f6neride bulunulmu\u015ftur. Tasar\u0131 \u00f6nerisinde meydan\u0131n b\u00fct\u00fcnl\u00fc\u011f\u00fcn\u00fc sa\u011flamak, tarihi \u00f6nemini vurgulamak ve \u015fehirdeki yerinin fark\u0131ndal\u0131\u011f\u0131n\u0131 art\u0131rmak hedeflenmi\u015ftir.<\/p>\n<p>Beyaz\u0131t Meydan\u0131, Bizans, Osmanl\u0131 ve Cumhuriyet olmak \u00fczere \u00fc\u00e7 ayr\u0131 d\u00f6nemin kesi\u015fti\u011fi de\u011ferli bir aland\u0131r. \u00c7ok katmanl\u0131 tarihi ele al\u0131nd\u0131\u011f\u0131nda Mese ve Divanyolu\u2019nun bulu\u015ftu\u011fu bu alan, g\u00fcn\u00fcm\u00fczde halen ilim, din ve sanat\u0131n bir arada var oldu\u011fu de\u011ferli bir alan olarak kesi\u015fim noktas\u0131 olma \u00f6zelli\u011fini s\u00fcrd\u00fcrmektedir. 1960\u2019larda Turgut Cansever\u2019in g\u00f6r\u00fc\u015f\u00fcyle \u015fekillenmeye ba\u015flayan meydanda kot fark\u0131n\u0131n setler yoluyla \u00e7\u00f6z\u00fclmesi meydan\u0131n b\u00f6l\u00fcnmesine yol a\u00e7m\u0131\u015ft\u0131r. Meydan\u0131 tan\u0131mlayan \u00fc\u00e7 ana yap\u0131 olan medrese, camii ve \u00fcniversite kap\u0131s\u0131 aras\u0131ndaki ili\u015fki, \u00fcniversite kap\u0131s\u0131 \u00f6n\u00fcnde yer alan setler nedeniyle kurulamamakta, kap\u0131 ve Marmara Denizi aks\u0131 tan\u0131mlanamamaktad\u0131r.<\/p>\n<p>Bu projede, esenlik temas\u0131 alt\u0131nda meydan\u0131 birle\u015ftiren bir zemin e\u011fimi ve kuru havuz, meydanda eri\u015filebilir seyir teraslar\u0131 ve meydan\u0131 kapsay\u0131c\u0131 k\u0131lan tarihi izd\u00fc\u015f\u00fcmleri \u00fczerine tasar\u0131m \u00f6nerileri sunulmaktad\u0131r. Yaya \u00f6ncelikli ve kullan\u0131c\u0131 ergonomisine uygun tasarlanan yeni meydan, tarihi divanyollar\u0131n\u0131n bulu\u015ftu\u011fu Beyaz\u0131t Meydan\u0131\u2019n\u0131n tarihsel kentsel kimli\u011finin gelece\u011fe ta\u015f\u0131nmas\u0131na zemin olu\u015fturmaktad\u0131r.[\/vc_column_text][vc_empty_space][vc_gallery interval=&#8221;10&#8243; images=&#8221;10881,10882,10883,10884,10885&#8243; img_size=&#8221;full&#8221;][vc_empty_space][\/vc_column][vc_column width=&#8221;1\/6&#8243;][vc_single_image image=&#8221;10857&#8243; img_size=&#8221;full&#8221; alignment=&#8221;center&#8221; style=&#8221;vc_box_border&#8221; onclick=&#8221;custom_link&#8221; img_link_target=&#8221;_blank&#8221;][vc_empty_space height=&#8221;16px&#8221;][vc_row_inner][vc_column_inner][vc_column_text][\/vc_column_text][\/vc_column_inner][\/vc_row_inner][vc_row_inner][vc_column_inner width=&#8221;2\/3&#8243;][\/vc_column_inner][vc_column_inner width=&#8221;1\/3&#8243;][\/vc_column_inner][\/vc_row_inner][\/vc_column][\/vc_row][\/vc_section]<\/p>\n<\/div>","protected":false},"excerpt":{"rendered":"<p>[vc_section][vc_row][vc_column width=&#8221;1\/6&#8243;][vc_single_image image=&#8221;10840&#8243; img_size=&#8221;large&#8221; alignment=&#8221;center&#8221;][vc_empty_space][vc_column_text]Ay\u015fe Melis G\u00f6ksan[\/vc_column_text][vc_empty_space height=&#8221;16px&#8221;][vc_column_text]Mimar Rhode Island School of Design Royal College of Art G\u00fcz 2022 Dan\u0131\u015fman: Ersen G\u00fcrsel &#8211; Ay\u015feg\u00fcl Kuru\u00e7[\/vc_column_text][vc_empty_space][\/vc_column][vc_column width=&#8221;2\/3&#8243;][vc_column_text] Her \u015eey Meydanda: Beyaz\u0131t [&hellip;]<\/p>\n","protected":false},"author":7,"featured_media":0,"parent":0,"menu_order":0,"comment_status":"closed","ping_status":"closed","template":"","meta":{"_acf_changed":false,"_seopress_robots_primary_cat":"","_seopress_titles_title":"Ay\u015fe Melis G\u00f6ksan: Her \u015eey Meydanda: Beyaz\u0131t Meydan\u0131 | %%sitetitle%%","_seopress_titles_desc":"Projede Beytaz\u0131t Meydan\u0131'n\u0131n tarihi ara\u015ft\u0131r\u0131l\u0131p g\u00fcn\u00fcm\u00fczdeki durumu incelenerek meydan\u0131n gelece\u011fi \u00fczerine \u00f6neride bulunulmu\u015ftur.","_seopress_robots_index":"","_price":"","_stock":"","_tribe_ticket_header":"","_tribe_default_ticket_provider":"","_ticket_start_date":"","_ticket_end_date":"","_tribe_ticket_show_description":"","_tribe_ticket_show_not_going":false,"_tribe_ticket_use_global_stock":"","_tribe_ticket_global_stock_level":"","_global_stock_mode":"","_global_stock_cap":"","_tribe_rsvp_for_event":"","_tribe_ticket_going_count":"","_tribe_ticket_not_going_count":"","_tribe_tickets_list":"[]","_tribe_ticket_has_attendee_info_fields":false,"_EventAllDay":false,"_EventTimezone":"","_EventStartDate":"","_EventEndDate":"","_EventStartDateUTC":"","_EventEndDateUTC":"","_EventShowMap":false,"_EventShowMapLink":false,"_EventURL":"","_EventCost":"","_EventCostDescription":"","_EventCurrencySymbol":"","_EventCurrencyCode":"","_EventCurrencyPosition":"","_EventDateTimeSeparator":"","_EventTimeRangeSeparator":"","_EventOrganizerID":[],"_EventVenueID":[],"_OrganizerEmail":"","_OrganizerPhone":"","_OrganizerWebsite":"","_VenueAddress":"","_VenueCity":"","_VenueCountry":"","_VenueProvince":"","_VenueState":"","_VenueZip":"","_VenuePhone":"","_VenueURL":"","_VenueStateProvince":"","_VenueLat":"","_VenueLng":"","_VenueShowMap":false,"_VenueShowMapLink":false,"footnotes":"","_tec_slr_enabled":"","_tec_slr_layout":""},"class_list":["post-10879","page","type-page","status-publish","hentry"],"acf":[],"ticketed":false,"_links":{"self":[{"href":"https:\/\/staging.aura-istanbul.com\/index.php\/wp-json\/wp\/v2\/pages\/10879","targetHints":{"allow":["GET"]}}],"collection":[{"href":"https:\/\/staging.aura-istanbul.com\/index.php\/wp-json\/wp\/v2\/pages"}],"about":[{"href":"https:\/\/staging.aura-istanbul.com\/index.php\/wp-json\/wp\/v2\/types\/page"}],"author":[{"embeddable":true,"href":"https:\/\/staging.aura-istanbul.com\/index.php\/wp-json\/wp\/v2\/users\/7"}],"replies":[{"embeddable":true,"href":"https:\/\/staging.aura-istanbul.com\/index.php\/wp-json\/wp\/v2\/comments?post=10879"}],"version-history":[{"count":2,"href":"https:\/\/staging.aura-istanbul.com\/index.php\/wp-json\/wp\/v2\/pages\/10879\/revisions"}],"predecessor-version":[{"id":15142,"href":"https:\/\/staging.aura-istanbul.com\/index.php\/wp-json\/wp\/v2\/pages\/10879\/revisions\/15142"}],"wp:attachment":[{"href":"https:\/\/staging.aura-istanbul.com\/index.php\/wp-json\/wp\/v2\/media?parent=10879"}],"curies":[{"name":"wp","href":"https:\/\/api.w.org\/{rel}","templated":true}]}}