{"id":10436,"date":"2022-08-08T13:26:19","date_gmt":"2022-08-08T10:26:19","guid":{"rendered":"https:\/\/staging.aura-istanbul.com\/?page_id=10436"},"modified":"2025-09-23T20:40:09","modified_gmt":"2025-09-23T17:40:09","slug":"aura-alumni-zemzem-ece","status":"publish","type":"page","link":"https:\/\/staging.aura-istanbul.com\/index.php\/aura-alumni-zemzem-ece\/","title":{"rendered":"AURA Alumni: Zemzem Ece"},"content":{"rendered":"<div class=\"wpb-content-wrapper\"><p>[vc_section][vc_row][vc_column width=&#8221;1\/6&#8243;][vc_single_image image=&#8221;10289&#8243; img_size=&#8221;large&#8221; alignment=&#8221;center&#8221;][vc_empty_space][vc_column_text]<strong>Zemzem Ece<\/strong>[\/vc_column_text][vc_empty_space height=&#8221;16px&#8221;][vc_column_text]Sanat Tarih\u00e7isi<br \/>\nMimar Sinan G\u00fczel Sanatlar \u00dcniversitesi<\/p>\n<p>Bahar 2022<br \/>\nDan\u0131\u015fman: Arman Akdo\u011fan &#8211; \u00d6mer Devrim Aksoyak[\/vc_column_text][vc_empty_space][\/vc_column][vc_column width=&#8221;2\/3&#8243;][vc_column_text]<\/p>\n<p style=\"text-align: left;\"><strong>(2020) Taksim Kentsel Tasar\u0131m Yar\u0131\u015fmas\u0131\u2019na Ele\u015ftirel Bir Bak\u0131\u015f<\/strong><\/p>\n<p>[\/vc_column_text][vc_column_text]Bu \u00e7al\u0131\u015fmada Taksim Meydan\u0131 (2020) Tasar\u0131m Yar\u0131\u015fmas\u0131\u2019na y\u00f6nelik bir mimarl\u0131k tarih\u00e7isi g\u00f6z\u00fcnden ele\u015ftirel bir okuma ve bir yar\u0131\u015fma manifestosu, \u00f6neri olarak geli\u015ftirilmi\u015ftir.<\/p>\n<p>AURA 2022 Bahar D\u00f6nemi\u2019ndeki \u201cTasar\u0131mda Bir Gelecek Tahayy\u00fcl\u00fc- At\u00f6lye X\u201d ara\u015ft\u0131rma tabanl\u0131 st\u00fcdyo \u00e7al\u0131\u015fmada, Beyo\u011flu yerle\u015fimine ba\u011fl\u0131 Taksim Meydan\u0131\u2019n\u0131ndaki sosyal, k\u00fclt\u00fcrel, siyasal ve mekansal d\u00f6n\u00fc\u015f\u00fcm\u00fcn izd\u00fc\u015f\u00fcmlerine y\u00f6nelik bir \u00e7al\u0131\u015fma y\u00fcr\u00fct\u00fclm\u00fc\u015ft\u00fcr. Bu ara\u015ft\u0131rma s\u00fcresince k\u00fclt\u00fcrel haf\u0131za ve kolektif bellek ba\u011flam\u0131nda yap\u0131lan gramatik okuma ve analizlerde Taksim Cumhuriyet Meydan\u0131\u2019n\u0131n sessiz \u00e7o\u011funlu\u011fun sesi olan toplumsal kesimin adalet ve ki\u015fisel hak\/\u00f6zg\u00fcrl\u00fcklerini ifade edebildekleri yegane mek\u00e2n oldu\u011fu sonucuna var\u0131lm\u0131\u015ft\u0131r. Bu \u00e7al\u0131\u015fman\u0131n y\u00fcr\u00fct\u00fclmesinde izlenen y\u00f6ntem; do\u011frudan bilgi edinme ara\u00e7lar\u0131ndan biri olan alan ara\u015ft\u0131rmas\u0131n\u0131n yan\u0131 s\u0131ra; 19. y\u00fczy\u0131lda Beyo\u011flu\u2019nun sosyal topo\u011frafyas\u0131 ve yap\u0131 yerle\u015fimi ile ilgili yay\u0131nlanm\u0131\u015f akademik yay\u0131nlar, raporlar, bas\u0131nda yer alan fikir yaz\u0131lar\u0131, MSGSU K\u00fct\u00fcphanesi, Salt Ar\u015fiv ile muhtelif k\u00fct\u00fcphanelerde yap\u0131lan ara\u015ft\u0131rmalar sonucunda toplanm\u0131\u015f verilerin analizine dayanan bir kaynak taramas\u0131 yap\u0131lm\u0131\u015ft\u0131r.<\/p>\n<p>\u00c7al\u0131\u015fman\u0131n odak noktas\u0131nda 2020 y\u0131l\u0131nda \u0130stanbul B\u00fcy\u00fck \u015eehir Belediyesi taraf\u0131ndan d\u00fczenlenen Taksim Tasar\u0131m Yar\u0131\u015fmas\u0131n\u0131n teknik \u015fartnamesi incelenmi\u015f olup, \u015fartnameyi haz\u0131rlayan \u00f6nemli isimlerden mimar Haydar Karabay ile birebir g\u00f6r\u015fmeler de yap\u0131lm\u0131\u015ft\u0131r.Y\u00fcr\u00fct\u00fclen \u00e7al\u0131\u015fmalar sonucunda, Taksim Meydan\u0131 Yar\u0131\u015fmas\u0131\u2019nda \u00fc\u00e7 e\u015fde\u011fer projenin olumlu ve olumsuz taraflar\u0131na ele\u015ftirel bir bak\u0131\u015f a\u00e7\u0131s\u0131y\u0131la yorum getirilmi\u015ftir.Bu ele\u015ftirel bak\u0131\u015f\u0131 besleyen arg\u00fcmanlar ise Taksim\u2019in yar\u0131\u015fmalar tarihinin mihenk ta\u015flar\u0131nda olan Behruz \u00c7inici ve Vedat Dalokay\u2019\u0131n projeleri hem geometrik hem de gramatik a\u00e7\u0131dan de\u011ferlendirilmi\u015ftir. Bu de\u011ferlendiremeler sonucunda Taksim Meydan\u0131 tasar\u0131m\u0131na bir gelecek \u00f6nerisi olarak yar\u0131\u015fma\u00a0 manifesitosu geli\u015ftirilmi\u015ftir.[\/vc_column_text][vc_empty_space][vc_gallery interval=&#8221;10&#8243; images=&#8221;10439,10440,10441,10442&#8243; img_size=&#8221;full&#8221;][vc_empty_space][\/vc_column][vc_column width=&#8221;1\/6&#8243;][vc_single_image image=&#8221;10437&#8243; img_size=&#8221;full&#8221; alignment=&#8221;center&#8221; style=&#8221;vc_box_border&#8221; onclick=&#8221;custom_link&#8221; img_link_target=&#8221;_blank&#8221;][vc_empty_space height=&#8221;16px&#8221;][vc_row_inner][vc_column_inner][vc_column_text][\/vc_column_text][\/vc_column_inner][\/vc_row_inner][vc_row_inner][vc_column_inner width=&#8221;2\/3&#8243;][\/vc_column_inner][vc_column_inner width=&#8221;1\/3&#8243;][\/vc_column_inner][\/vc_row_inner][\/vc_column][\/vc_row][\/vc_section]<\/p>\n<\/div>","protected":false},"excerpt":{"rendered":"<p>[vc_section][vc_row][vc_column width=&#8221;1\/6&#8243;][vc_single_image image=&#8221;10289&#8243; img_size=&#8221;large&#8221; alignment=&#8221;center&#8221;][vc_empty_space][vc_column_text]Zemzem Ece[\/vc_column_text][vc_empty_space height=&#8221;16px&#8221;][vc_column_text]Sanat Tarih\u00e7isi Mimar Sinan G\u00fczel Sanatlar \u00dcniversitesi Bahar 2022 Dan\u0131\u015fman: Arman Akdo\u011fan &#8211; \u00d6mer Devrim Aksoyak[\/vc_column_text][vc_empty_space][\/vc_column][vc_column width=&#8221;2\/3&#8243;][vc_column_text] (2020) Taksim Kentsel Tasar\u0131m Yar\u0131\u015fmas\u0131\u2019na Ele\u015ftirel Bir [&hellip;]<\/p>\n","protected":false},"author":7,"featured_media":0,"parent":0,"menu_order":0,"comment_status":"closed","ping_status":"closed","template":"","meta":{"_acf_changed":false,"_seopress_robots_primary_cat":"","_seopress_titles_title":"Zemzem Ece: (2020) Taksim Kentsel Tasar\u0131m Yar\u0131\u015fmas\u0131\u2019na Ele\u015ftirel Bir Bak\u0131\u015f | %%sitetitle%%","_seopress_titles_desc":"Bu \u00e7al\u0131\u015fmada Taksim Meydan\u0131 (2020) Tasar\u0131m Yar\u0131\u015fmas\u0131\u2019na y\u00f6nelik bir mimarl\u0131k tarih\u00e7isi g\u00f6z\u00fcnden ele\u015ftirel bir okuma ve bir yar\u0131\u015fma manifestosu, \u00f6neri olarak geli\u015ftirilmi\u015ftir.","_seopress_robots_index":"","_price":"","_stock":"","_tribe_ticket_header":"","_tribe_default_ticket_provider":"","_ticket_start_date":"","_ticket_end_date":"","_tribe_ticket_show_description":"","_tribe_ticket_show_not_going":false,"_tribe_ticket_use_global_stock":"","_tribe_ticket_global_stock_level":"","_global_stock_mode":"","_global_stock_cap":"","_tribe_rsvp_for_event":"","_tribe_ticket_going_count":"","_tribe_ticket_not_going_count":"","_tribe_tickets_list":"[]","_tribe_ticket_has_attendee_info_fields":false,"_EventAllDay":false,"_EventTimezone":"","_EventStartDate":"","_EventEndDate":"","_EventStartDateUTC":"","_EventEndDateUTC":"","_EventShowMap":false,"_EventShowMapLink":false,"_EventURL":"","_EventCost":"","_EventCostDescription":"","_EventCurrencySymbol":"","_EventCurrencyCode":"","_EventCurrencyPosition":"","_EventDateTimeSeparator":"","_EventTimeRangeSeparator":"","_EventOrganizerID":[],"_EventVenueID":[],"_OrganizerEmail":"","_OrganizerPhone":"","_OrganizerWebsite":"","_VenueAddress":"","_VenueCity":"","_VenueCountry":"","_VenueProvince":"","_VenueState":"","_VenueZip":"","_VenuePhone":"","_VenueURL":"","_VenueStateProvince":"","_VenueLat":"","_VenueLng":"","_VenueShowMap":false,"_VenueShowMapLink":false,"footnotes":"","_tec_slr_enabled":"","_tec_slr_layout":""},"class_list":["post-10436","page","type-page","status-publish","hentry"],"acf":[],"ticketed":false,"_links":{"self":[{"href":"https:\/\/staging.aura-istanbul.com\/index.php\/wp-json\/wp\/v2\/pages\/10436","targetHints":{"allow":["GET"]}}],"collection":[{"href":"https:\/\/staging.aura-istanbul.com\/index.php\/wp-json\/wp\/v2\/pages"}],"about":[{"href":"https:\/\/staging.aura-istanbul.com\/index.php\/wp-json\/wp\/v2\/types\/page"}],"author":[{"embeddable":true,"href":"https:\/\/staging.aura-istanbul.com\/index.php\/wp-json\/wp\/v2\/users\/7"}],"replies":[{"embeddable":true,"href":"https:\/\/staging.aura-istanbul.com\/index.php\/wp-json\/wp\/v2\/comments?post=10436"}],"version-history":[{"count":2,"href":"https:\/\/staging.aura-istanbul.com\/index.php\/wp-json\/wp\/v2\/pages\/10436\/revisions"}],"predecessor-version":[{"id":15159,"href":"https:\/\/staging.aura-istanbul.com\/index.php\/wp-json\/wp\/v2\/pages\/10436\/revisions\/15159"}],"wp:attachment":[{"href":"https:\/\/staging.aura-istanbul.com\/index.php\/wp-json\/wp\/v2\/media?parent=10436"}],"curies":[{"name":"wp","href":"https:\/\/api.w.org\/{rel}","templated":true}]}}