{"id":10382,"date":"2022-08-08T11:08:31","date_gmt":"2022-08-08T08:08:31","guid":{"rendered":"https:\/\/staging.aura-istanbul.com\/?page_id=10382"},"modified":"2025-09-23T20:36:50","modified_gmt":"2025-09-23T17:36:50","slug":"aura-alumni-osman-emre-selvi","status":"publish","type":"page","link":"https:\/\/staging.aura-istanbul.com\/index.php\/aura-alumni-osman-emre-selvi\/","title":{"rendered":"AURA Alumni: Osman Emre Selvi"},"content":{"rendered":"<div class=\"wpb-content-wrapper\"><p>[vc_section][vc_row][vc_column width=&#8221;1\/6&#8243;][vc_single_image image=&#8221;10284&#8243; img_size=&#8221;large&#8221; alignment=&#8221;center&#8221;][vc_empty_space][vc_column_text]<strong>Osman Emre Selvi<\/strong>[\/vc_column_text][vc_empty_space height=&#8221;16px&#8221;][vc_column_text]Mimar<br \/>\nMimar Sinan G\u00fczel Sanatlar \u00dcniversitesi<\/p>\n<p>Bahar 2022<br \/>\nDan\u0131\u015fman: Arman Akdo\u011fan &#8211; \u00d6mer Devrim Aksoyak[\/vc_column_text][vc_empty_space][\/vc_column][vc_column width=&#8221;2\/3&#8243;][vc_column_text]<\/p>\n<p style=\"text-align: left;\"><strong>Kentsel Ka\u00e7\u0131\u015f: Alg\u0131sal Rotalar, Etkile\u015fimli Akslar<\/strong><\/p>\n<p>[\/vc_column_text][vc_column_text]Kent hayat\u0131 kimi zaman i\u00e7inde bulunmaktan ba\u015fka bir \u015fey d\u00fc\u015f\u00fcn\u00fclemez, kimi zaman b\u00fcy\u00fck bir b\u0131kk\u0131nl\u0131k ve d\u00fc\u015f k\u0131r\u0131kl\u0131\u011f\u0131 i\u00e7erisinde ceketimizi al\u0131p \u00e7\u0131kmak istedi\u011fimiz bir dilemmad\u0131r. G\u00fcn\u00fcm\u00fcz metropollerine hapsolmu\u015f insanl\u0131k kurduklar\u0131 istifa hayallerini sakin bir kasabada ba\u011flar\u0131n aras\u0131nda ye\u015fertirken, \u00e7a\u011f\u0131n emeklilik ger\u00e7e\u011fi bunun \u00e7ok \u00f6tesinde maddi olanaklar sunmaktad\u0131r. Kentlerin canavar imaj\u0131 ve pastoral s\u00f6ylemler ku\u015faklar\u0131n neyi hayal edece\u011fine dair bir tahakk\u00fcm olu\u015ftururken, ak\u0131nt\u0131n\u0131n kar\u015f\u0131s\u0131nda kentin macerac\u0131 ve optimist k\u00fcrek\u00e7ileri de\u011fi\u015fiminin m\u00fcmk\u00fcn oldu\u011funa inanmaktad\u0131r. Bu inanc\u0131n dayanaklar\u0131 ba\u011f\u0131ran, k\u0131zan ve emreden kentsel de\u011fi\u015fimler de\u011fil, aksine narince yakla\u015fan, kentliyi dinleyen ve ona da s\u00f6z hakk\u0131 veren kadife sesli dokunu\u015flard\u0131r.<\/p>\n<p>\u00c7al\u0131\u015fma, g\u00fcn\u00fcm\u00fcz kentinin karma\u015falar\u0131n\u0131, her g\u00fcn kulland\u0131\u011f\u0131m\u0131z rotalar\u0131 e\u011flenceli k\u0131larak, kentin ve kentlinin etkile\u015fece\u011fi noktalar olu\u015fturarak hafifletebilece\u011fine inan\u0131r ve bu motivasyon ile hareket eder. Bireyin kentin sosyo-ekonomik imkanlar\u0131n\u0131 ard\u0131nda b\u0131rak\u0131p, kentten ka\u00e7mas\u0131 yerine kentin i\u00e7inde ke\u015fmeke\u015fin azald\u0131\u011f\u0131 bir d\u00fczeni tasavvur eder. \u00c7al\u0131\u015fmada bu d\u00fc\u015f\u00fcnce \u015ei\u015fli-Be\u015fikta\u015f aks\u0131nda belirlenen noktalardaki m\u00fcdahaleler ve potansiyellerin ortaya konulmas\u0131 yoluyla aktar\u0131l\u0131r. Duyular\u0131m\u0131zla ve alg\u0131lar\u0131m\u0131zla ba\u015flayan d\u00fc\u015f\u00fcnme prati\u011fi kendini bir \u015fekilde yolumuzun ge\u00e7ti\u011fi tan\u0131d\u0131k alanlarda bulur.<\/p>\n<p>Kentlilerin pek \u00e7o\u011fu kentini sevmeye g\u00f6n\u00fclden isteklidir. Karar al\u0131c\u0131lar ve tasar\u0131ma kat\u0131lanlar onlara bir neden verdi\u011fi s\u00fcrece&#8230;[\/vc_column_text][vc_empty_space][vc_gallery interval=&#8221;10&#8243; images=&#8221;10384,10385,10386,10387,10388&#8243; img_size=&#8221;full&#8221;][vc_empty_space][\/vc_column][vc_column width=&#8221;1\/6&#8243;][vc_single_image image=&#8221;10383&#8243; img_size=&#8221;full&#8221; alignment=&#8221;center&#8221; style=&#8221;vc_box_border&#8221; onclick=&#8221;custom_link&#8221; img_link_target=&#8221;_blank&#8221;][vc_empty_space height=&#8221;16px&#8221;][vc_row_inner][vc_column_inner][vc_column_text][\/vc_column_text][\/vc_column_inner][\/vc_row_inner][vc_row_inner][vc_column_inner width=&#8221;2\/3&#8243;][\/vc_column_inner][vc_column_inner width=&#8221;1\/3&#8243;][\/vc_column_inner][\/vc_row_inner][\/vc_column][\/vc_row][\/vc_section]<\/p>\n<\/div>","protected":false},"excerpt":{"rendered":"<p>[vc_section][vc_row][vc_column width=&#8221;1\/6&#8243;][vc_single_image image=&#8221;10284&#8243; img_size=&#8221;large&#8221; alignment=&#8221;center&#8221;][vc_empty_space][vc_column_text]Osman Emre Selvi[\/vc_column_text][vc_empty_space height=&#8221;16px&#8221;][vc_column_text]Mimar Mimar Sinan G\u00fczel Sanatlar \u00dcniversitesi Bahar 2022 Dan\u0131\u015fman: Arman Akdo\u011fan &#8211; \u00d6mer Devrim Aksoyak[\/vc_column_text][vc_empty_space][\/vc_column][vc_column width=&#8221;2\/3&#8243;][vc_column_text] Kentsel Ka\u00e7\u0131\u015f: Alg\u0131sal Rotalar, Etkile\u015fimli Akslar [\/vc_column_text][vc_column_text]Kent [&hellip;]<\/p>\n","protected":false},"author":7,"featured_media":0,"parent":0,"menu_order":0,"comment_status":"closed","ping_status":"closed","template":"","meta":{"_acf_changed":false,"_seopress_robots_primary_cat":"","_seopress_titles_title":"Osman Emre Selvi: Kentsel Ka\u00e7\u0131\u015f: Alg\u0131sal Rotalar, Etkile\u015fimli Akslar | %%sitetitle%%","_seopress_titles_desc":"\u00c7al\u0131\u015fma, g\u00fcn\u00fcm\u00fcz kentinin karma\u015falar\u0131n\u0131, her g\u00fcn kulland\u0131\u011f\u0131m\u0131z rotalar\u0131 e\u011flenceli k\u0131larak, kentin ve kentlinin etkile\u015fece\u011fi noktalar olu\u015fturarak hafifletebilece\u011fine inan\u0131r ve bu motivasyon ile hareket eder.","_seopress_robots_index":"","_price":"","_stock":"","_tribe_ticket_header":"","_tribe_default_ticket_provider":"","_ticket_start_date":"","_ticket_end_date":"","_tribe_ticket_show_description":"","_tribe_ticket_show_not_going":false,"_tribe_ticket_use_global_stock":"","_tribe_ticket_global_stock_level":"","_global_stock_mode":"","_global_stock_cap":"","_tribe_rsvp_for_event":"","_tribe_ticket_going_count":"","_tribe_ticket_not_going_count":"","_tribe_tickets_list":"[]","_tribe_ticket_has_attendee_info_fields":false,"_EventAllDay":false,"_EventTimezone":"","_EventStartDate":"","_EventEndDate":"","_EventStartDateUTC":"","_EventEndDateUTC":"","_EventShowMap":false,"_EventShowMapLink":false,"_EventURL":"","_EventCost":"","_EventCostDescription":"","_EventCurrencySymbol":"","_EventCurrencyCode":"","_EventCurrencyPosition":"","_EventDateTimeSeparator":"","_EventTimeRangeSeparator":"","_EventOrganizerID":[],"_EventVenueID":[],"_OrganizerEmail":"","_OrganizerPhone":"","_OrganizerWebsite":"","_VenueAddress":"","_VenueCity":"","_VenueCountry":"","_VenueProvince":"","_VenueState":"","_VenueZip":"","_VenuePhone":"","_VenueURL":"","_VenueStateProvince":"","_VenueLat":"","_VenueLng":"","_VenueShowMap":false,"_VenueShowMapLink":false,"footnotes":"","_tec_slr_enabled":"","_tec_slr_layout":""},"class_list":["post-10382","page","type-page","status-publish","hentry"],"acf":[],"ticketed":false,"_links":{"self":[{"href":"https:\/\/staging.aura-istanbul.com\/index.php\/wp-json\/wp\/v2\/pages\/10382","targetHints":{"allow":["GET"]}}],"collection":[{"href":"https:\/\/staging.aura-istanbul.com\/index.php\/wp-json\/wp\/v2\/pages"}],"about":[{"href":"https:\/\/staging.aura-istanbul.com\/index.php\/wp-json\/wp\/v2\/types\/page"}],"author":[{"embeddable":true,"href":"https:\/\/staging.aura-istanbul.com\/index.php\/wp-json\/wp\/v2\/users\/7"}],"replies":[{"embeddable":true,"href":"https:\/\/staging.aura-istanbul.com\/index.php\/wp-json\/wp\/v2\/comments?post=10382"}],"version-history":[{"count":2,"href":"https:\/\/staging.aura-istanbul.com\/index.php\/wp-json\/wp\/v2\/pages\/10382\/revisions"}],"predecessor-version":[{"id":15147,"href":"https:\/\/staging.aura-istanbul.com\/index.php\/wp-json\/wp\/v2\/pages\/10382\/revisions\/15147"}],"wp:attachment":[{"href":"https:\/\/staging.aura-istanbul.com\/index.php\/wp-json\/wp\/v2\/media?parent=10382"}],"curies":[{"name":"wp","href":"https:\/\/api.w.org\/{rel}","templated":true}]}}